{"id":38895,"date":"2026-01-27T18:19:10","date_gmt":"2026-01-27T18:19:10","guid":{"rendered":"https:\/\/www.deporteseli.com\/?product=short-puma-673269"},"modified":"2026-03-07T05:29:20","modified_gmt":"2026-03-07T05:29:20","slug":"short-puma-673269","status":"publish","type":"product","link":"https:\/\/www.deporteseli.com\/?product=short-puma-673269","title":{"rendered":"SHORT PUMA 673269"},"content":{"rendered":"<p>HISTORIA DEL PRODUCTO  Vuelve a lo b\u00e1sico con tu estilo informal con estos shorts con el impactante logotipo de PUMA en la pierna izquierda. Ponte un par y sal listo para salir.    CARACTER\u00cdSTICAS Y BENEFICIOS  Contenido reciclado: Fabricado con al menos un 20 % de material reciclado como un paso hacia un futuro mejor  DETALLES  Cintura el\u00e1stica con cord\u00f3n interno  Braguita interior integrada  Bolsillo interior para monedas  Largo de entrepierna de 5   Estampado gr\u00e1fico de PUMA en goma en la pierna izquierda  Etiqueta tejida de la marca PUMA en el reverso  PUMA Youth: Recomendado para ni\u00f1os mayores entre 8 y 16 a\u00f1os                                                                                                                                                                                                                                                                                                                                                                                                                                                                                                                                                                                                                                                                                                                                                                                                                                                                                                                                                                                                                                        <\/p>\n","protected":false},"excerpt":{"rendered":"<p>SHORT PUMA 673269<\/p>\n","protected":false},"featured_media":53232,"template":"","meta":[],"product_brand":[],"product_cat":[306],"product_tag":[32],"class_list":{"0":"post-38895","1":"product","2":"type-product","3":"status-publish","4":"has-post-thumbnail","6":"product_cat-nino_textil_banadores","7":"product_tag-puma","8":"pa_color-unico","9":"pa_talla-t-10","10":"pa_talla-t-12","11":"pa_talla-t-14","12":"pa_talla-t-16","13":"pa_talla-t-8","14":"thunk-woo-product-list","15":"opn-qv-enable","16":"open-woo-hover-","17":"open-single-product-tab-horizontal","18":"open-shadow-","19":"open-shadow-hover-","21":"first","22":"instock","23":"shipping-taxable","24":"purchasable","25":"product-type-variable"},"jetpack_sharing_enabled":true,"_links":{"self":[{"href":"https:\/\/www.deporteseli.com\/index.php?rest_route=\/wp\/v2\/product\/38895","targetHints":{"allow":["GET"]}}],"collection":[{"href":"https:\/\/www.deporteseli.com\/index.php?rest_route=\/wp\/v2\/product"}],"about":[{"href":"https:\/\/www.deporteseli.com\/index.php?rest_route=\/wp\/v2\/types\/product"}],"wp:featuredmedia":[{"embeddable":true,"href":"https:\/\/www.deporteseli.com\/index.php?rest_route=\/wp\/v2\/media\/53232"}],"wp:attachment":[{"href":"https:\/\/www.deporteseli.com\/index.php?rest_route=%2Fwp%2Fv2%2Fmedia&parent=38895"}],"wp:term":[{"taxonomy":"product_brand","embeddable":true,"href":"https:\/\/www.deporteseli.com\/index.php?rest_route=%2Fwp%2Fv2%2Fproduct_brand&post=38895"},{"taxonomy":"product_cat","embeddable":true,"href":"https:\/\/www.deporteseli.com\/index.php?rest_route=%2Fwp%2Fv2%2Fproduct_cat&post=38895"},{"taxonomy":"product_tag","embeddable":true,"href":"https:\/\/www.deporteseli.com\/index.php?rest_route=%2Fwp%2Fv2%2Fproduct_tag&post=38895"}],"curies":[{"name":"wp","href":"https:\/\/api.w.org\/{rel}","templated":true}]}}