{"id":38833,"date":"2026-01-27T18:17:50","date_gmt":"2026-01-27T18:17:50","guid":{"rendered":"https:\/\/www.deporteseli.com\/?product=camiseta-nike-sportswear"},"modified":"2026-03-07T05:28:35","modified_gmt":"2026-03-07T05:28:35","slug":"camiseta-nike-sportswear","status":"publish","type":"product","link":"https:\/\/www.deporteseli.com\/?product=camiseta-nike-sportswear","title":{"rendered":"CAMISETA NIKE SPORTSWEAR"},"content":{"rendered":"<p>Nike Sportswear T-Shirt White DX7906-100, camiseta de manga corta para mujer confeccionada en punto de algod\u00f3n. Tiene un logo frontal cl\u00e1sico.    &#8211; 100% algod\u00f3n    &#8211; Corte normal                                                                                                                                                                                                                                                                                                                                                                                                                                                                                                                                                                                                                                                                                                                                                                                                                                                                                                                                                                                                                                        <\/p>\n","protected":false},"excerpt":{"rendered":"<p>CAMISETA NIKE SPORTSWEAR<\/p>\n","protected":false},"featured_media":53184,"template":"","meta":[],"product_brand":[],"product_cat":[269],"product_tag":[37],"class_list":{"0":"post-38833","1":"product","2":"type-product","3":"status-publish","4":"has-post-thumbnail","6":"product_cat-mujer_textil_camisetas","7":"product_tag-nike","8":"pa_color-unico","9":"pa_talla-m","10":"pa_talla-s","11":"thunk-woo-product-list","12":"opn-qv-enable","13":"open-woo-hover-","14":"open-single-product-tab-horizontal","15":"open-shadow-","16":"open-shadow-hover-","18":"first","19":"instock","20":"shipping-taxable","21":"purchasable","22":"product-type-variable"},"jetpack_sharing_enabled":true,"_links":{"self":[{"href":"https:\/\/www.deporteseli.com\/index.php?rest_route=\/wp\/v2\/product\/38833","targetHints":{"allow":["GET"]}}],"collection":[{"href":"https:\/\/www.deporteseli.com\/index.php?rest_route=\/wp\/v2\/product"}],"about":[{"href":"https:\/\/www.deporteseli.com\/index.php?rest_route=\/wp\/v2\/types\/product"}],"wp:featuredmedia":[{"embeddable":true,"href":"https:\/\/www.deporteseli.com\/index.php?rest_route=\/wp\/v2\/media\/53184"}],"wp:attachment":[{"href":"https:\/\/www.deporteseli.com\/index.php?rest_route=%2Fwp%2Fv2%2Fmedia&parent=38833"}],"wp:term":[{"taxonomy":"product_brand","embeddable":true,"href":"https:\/\/www.deporteseli.com\/index.php?rest_route=%2Fwp%2Fv2%2Fproduct_brand&post=38833"},{"taxonomy":"product_cat","embeddable":true,"href":"https:\/\/www.deporteseli.com\/index.php?rest_route=%2Fwp%2Fv2%2Fproduct_cat&post=38833"},{"taxonomy":"product_tag","embeddable":true,"href":"https:\/\/www.deporteseli.com\/index.php?rest_route=%2Fwp%2Fv2%2Fproduct_tag&post=38833"}],"curies":[{"name":"wp","href":"https:\/\/api.w.org\/{rel}","templated":true}]}}