{"id":38779,"date":"2026-01-27T18:16:44","date_gmt":"2026-01-27T18:16:44","guid":{"rendered":"https:\/\/www.deporteseli.com\/?product=short-champion-306312-bs071-23"},"modified":"2026-03-07T05:28:19","modified_gmt":"2026-03-07T05:28:19","slug":"short-champion-306312-bs071-23","status":"publish","type":"product","link":"https:\/\/www.deporteseli.com\/?product=short-champion-306312-bs071-23","title":{"rendered":"SHORT CHAMPION 306312 BS071\/23"},"content":{"rendered":"<p>Pantalones cortos de campe\u00f3n para ni\u00f1os  Nuestros amigos m\u00e1s j\u00f3venes, disfruten del juego con estilo y comodidad de la mano de Champion. Confeccionados en suave algod\u00f3n, estos shorts son c\u00f3modos de usar y prometen acompa\u00f1arlos cuando juegan, corren para sus actividades o van a la escuela.                                  Caracter\u00edsticas   \u2022 Composici\u00f3n: 100 % algod\u00f3n    \u2022 Calce normal    \u2022 Cintura el\u00e1stica    \u2022 Tacto suave                                                                                                                                                                                                                                                                                                                                                                                                                                                                                                                                                                                                                                                                                                                                                                                                                                                                                                                                                                                                                                        <\/p>\n","protected":false},"excerpt":{"rendered":"<p>SHORT CHAMPION 306312 BS071\/23<\/p>\n","protected":false},"featured_media":53159,"template":"","meta":[],"product_brand":[],"product_cat":[300],"product_tag":[51],"class_list":{"0":"post-38779","1":"product","2":"type-product","3":"status-publish","4":"has-post-thumbnail","6":"product_cat-nino_textil_shorts","7":"product_tag-champion","8":"pa_color-unico","9":"pa_talla-l","10":"pa_talla-m","11":"pa_talla-s","12":"pa_talla-xl","13":"pa_talla-xxl","14":"thunk-woo-product-list","15":"opn-qv-enable","16":"open-woo-hover-","17":"open-single-product-tab-horizontal","18":"open-shadow-","19":"open-shadow-hover-","21":"first","22":"instock","23":"shipping-taxable","24":"purchasable","25":"product-type-variable"},"jetpack_sharing_enabled":true,"_links":{"self":[{"href":"https:\/\/www.deporteseli.com\/index.php?rest_route=\/wp\/v2\/product\/38779","targetHints":{"allow":["GET"]}}],"collection":[{"href":"https:\/\/www.deporteseli.com\/index.php?rest_route=\/wp\/v2\/product"}],"about":[{"href":"https:\/\/www.deporteseli.com\/index.php?rest_route=\/wp\/v2\/types\/product"}],"wp:featuredmedia":[{"embeddable":true,"href":"https:\/\/www.deporteseli.com\/index.php?rest_route=\/wp\/v2\/media\/53159"}],"wp:attachment":[{"href":"https:\/\/www.deporteseli.com\/index.php?rest_route=%2Fwp%2Fv2%2Fmedia&parent=38779"}],"wp:term":[{"taxonomy":"product_brand","embeddable":true,"href":"https:\/\/www.deporteseli.com\/index.php?rest_route=%2Fwp%2Fv2%2Fproduct_brand&post=38779"},{"taxonomy":"product_cat","embeddable":true,"href":"https:\/\/www.deporteseli.com\/index.php?rest_route=%2Fwp%2Fv2%2Fproduct_cat&post=38779"},{"taxonomy":"product_tag","embeddable":true,"href":"https:\/\/www.deporteseli.com\/index.php?rest_route=%2Fwp%2Fv2%2Fproduct_tag&post=38779"}],"curies":[{"name":"wp","href":"https:\/\/api.w.org\/{rel}","templated":true}]}}