{"id":38757,"date":"2026-01-27T18:15:54","date_gmt":"2026-01-27T18:15:54","guid":{"rendered":"https:\/\/www.deporteseli.com\/?product=gorra-tiro-league"},"modified":"2026-04-23T04:17:34","modified_gmt":"2026-04-23T04:17:34","slug":"gorra-tiro-league","status":"publish","type":"product","link":"https:\/\/www.deporteseli.com\/?product=gorra-tiro-league","title":{"rendered":"GORRA TIRO LEAGUE"},"content":{"rendered":"<p>PROT\u00c9GETE DEL SOL EN EL TERRENO DE JUEGO  Demuestra tu pasi\u00f3n por el deporte rey. Esta gorra adidas Tiro League luce el logotipo de las 3 bandas bordado sobre la visera curvada. El cierre regulable en la nuca te garantiza un ajuste a medida. La cinta interior acolchada evita las distracciones.    Este producto se ha fabricado con diferentes materiales t\u00e9cnicos y contiene al menos un 40% de material reciclado. Su objetivo es plantear otra soluci\u00f3n m\u00e1s que ayude a eliminar los residuos pl\u00e1sticos.  Sarga 100% algod\u00f3n  Cinta interior acolchada: punto doble 100% poli\u00e9ster reciclado  Visera curvada  Cierre ajustable en la nuca  Color del art\u00edculo: Black \/ White  N\u00famero de art\u00edculo: HS9753                                                                                                                                                                                                                                                                                                                                                                                                                                                                                                                                                                                                                                                                                                                                                                                                                                                                                                                                                                                                                                        <\/p>\n","protected":false},"excerpt":{"rendered":"<p>GORRA TIRO LEAGUE<\/p>\n","protected":false},"featured_media":53142,"template":"","meta":[],"product_brand":[],"product_cat":[399],"product_tag":[18],"class_list":{"0":"post-38757","1":"product","2":"type-product","3":"status-publish","4":"has-post-thumbnail","6":"product_cat-accesorios_gorras","7":"product_tag-adidas","8":"pa_color-unico","9":"pa_talla-l","10":"pa_talla-m","11":"pa_talla-s","12":"thunk-woo-product-list","13":"opn-qv-enable","14":"open-woo-hover-","15":"open-single-product-tab-horizontal","16":"open-shadow-","17":"open-shadow-hover-","19":"first","20":"instock","21":"shipping-taxable","22":"purchasable","23":"product-type-variable"},"jetpack_sharing_enabled":true,"_links":{"self":[{"href":"https:\/\/www.deporteseli.com\/index.php?rest_route=\/wp\/v2\/product\/38757","targetHints":{"allow":["GET"]}}],"collection":[{"href":"https:\/\/www.deporteseli.com\/index.php?rest_route=\/wp\/v2\/product"}],"about":[{"href":"https:\/\/www.deporteseli.com\/index.php?rest_route=\/wp\/v2\/types\/product"}],"wp:featuredmedia":[{"embeddable":true,"href":"https:\/\/www.deporteseli.com\/index.php?rest_route=\/wp\/v2\/media\/53142"}],"wp:attachment":[{"href":"https:\/\/www.deporteseli.com\/index.php?rest_route=%2Fwp%2Fv2%2Fmedia&parent=38757"}],"wp:term":[{"taxonomy":"product_brand","embeddable":true,"href":"https:\/\/www.deporteseli.com\/index.php?rest_route=%2Fwp%2Fv2%2Fproduct_brand&post=38757"},{"taxonomy":"product_cat","embeddable":true,"href":"https:\/\/www.deporteseli.com\/index.php?rest_route=%2Fwp%2Fv2%2Fproduct_cat&post=38757"},{"taxonomy":"product_tag","embeddable":true,"href":"https:\/\/www.deporteseli.com\/index.php?rest_route=%2Fwp%2Fv2%2Fproduct_tag&post=38757"}],"curies":[{"name":"wp","href":"https:\/\/api.w.org\/{rel}","templated":true}]}}