{"id":38750,"date":"2026-01-27T18:15:44","date_gmt":"2026-01-27T18:15:44","guid":{"rendered":"https:\/\/www.deporteseli.com\/?product=camiseta-reebok-identity-classics"},"modified":"2026-03-07T05:27:53","modified_gmt":"2026-03-07T05:27:53","slug":"camiseta-reebok-identity-classics","status":"publish","type":"product","link":"https:\/\/www.deporteseli.com\/?product=camiseta-reebok-identity-classics","title":{"rendered":"CAMISETA REEBOK IDENTITY CLASSICS"},"content":{"rendered":"<p>UNA CAMISETA DE ENTRENAMIENTO VERS\u00c1TIL CONFECCIONADA CON ALGOD\u00d3N PRODUCIDO DE MANERA SOSTENIBLE.  Si\u00e9ntete c\u00f3modo desde los estiramientos matutinos hasta el \u00faltimo entrenamiento del d\u00eda. Esta camiseta de training para hombre te proporciona el tacto suave del algod\u00f3n para un confort duradero. Un logo Vector destaca en el pecho. Nuestros productos de algod\u00f3n se crean en su totalidad a trav\u00e9s del cultivo de algod\u00f3n sostenible y est\u00e1n hechos con al menos un 50 % de Better Cotton.  Utilizamos material procedente de socios de confianza que intentan reducir el impacto ambiental de sus m\u00e9todos de producci\u00f3n y mejorar las condiciones econ\u00f3micas en las \u00e1reas donde se produce el algod\u00f3n.  Ajuste cl\u00e1sico.  Punto 100 % algod\u00f3n.  Cuello redondo de canal\u00e9.  Color del art\u00edculo: Medium Grey Heather \/ Vector Navy Mel  N\u00famero de art\u00edculo: HY6748                                                                                                                                                                                                                                                                                                                                                                                                                                                                                                                                                                                                                                                                                                                                                                                                                                                                                                                                                                                                                                        <\/p>\n","protected":false},"excerpt":{"rendered":"<p>CAMISETA REEBOK IDENTITY CLASSICS<\/p>\n","protected":false},"featured_media":53135,"template":"","meta":[],"product_brand":[],"product_cat":[245],"product_tag":[41],"class_list":{"0":"post-38750","1":"product","2":"type-product","3":"status-publish","4":"has-post-thumbnail","6":"product_cat-hombre_textil_camisetas","7":"product_tag-reebok","8":"pa_color-unico","9":"pa_talla-s","10":"thunk-woo-product-list","11":"opn-qv-enable","12":"open-woo-hover-","13":"open-single-product-tab-horizontal","14":"open-shadow-","15":"open-shadow-hover-","17":"first","18":"instock","19":"shipping-taxable","20":"purchasable","21":"product-type-variable"},"jetpack_sharing_enabled":true,"_links":{"self":[{"href":"https:\/\/www.deporteseli.com\/index.php?rest_route=\/wp\/v2\/product\/38750","targetHints":{"allow":["GET"]}}],"collection":[{"href":"https:\/\/www.deporteseli.com\/index.php?rest_route=\/wp\/v2\/product"}],"about":[{"href":"https:\/\/www.deporteseli.com\/index.php?rest_route=\/wp\/v2\/types\/product"}],"wp:featuredmedia":[{"embeddable":true,"href":"https:\/\/www.deporteseli.com\/index.php?rest_route=\/wp\/v2\/media\/53135"}],"wp:attachment":[{"href":"https:\/\/www.deporteseli.com\/index.php?rest_route=%2Fwp%2Fv2%2Fmedia&parent=38750"}],"wp:term":[{"taxonomy":"product_brand","embeddable":true,"href":"https:\/\/www.deporteseli.com\/index.php?rest_route=%2Fwp%2Fv2%2Fproduct_brand&post=38750"},{"taxonomy":"product_cat","embeddable":true,"href":"https:\/\/www.deporteseli.com\/index.php?rest_route=%2Fwp%2Fv2%2Fproduct_cat&post=38750"},{"taxonomy":"product_tag","embeddable":true,"href":"https:\/\/www.deporteseli.com\/index.php?rest_route=%2Fwp%2Fv2%2Fproduct_tag&post=38750"}],"curies":[{"name":"wp","href":"https:\/\/api.w.org\/{rel}","templated":true}]}}