{"id":38739,"date":"2026-01-27T18:15:18","date_gmt":"2026-01-27T18:15:18","guid":{"rendered":"https:\/\/www.deporteseli.com\/?product=mallas-de-entrenamiento-de-tiro-alto"},"modified":"2026-03-07T05:27:51","modified_gmt":"2026-03-07T05:27:51","slug":"mallas-de-entrenamiento-de-tiro-alto","status":"publish","type":"product","link":"https:\/\/www.deporteseli.com\/?product=mallas-de-entrenamiento-de-tiro-alto","title":{"rendered":"MALLAS DE ENTRENAMIENTO DE TIRO ALTO"},"content":{"rendered":"<p>El ajuste ajustado est\u00e1 dise\u00f1ado para ser ce\u00f1ido y seguir la curva natural de tu cuerpo.  Interlock Speedwick 91 % poli\u00e9ster\/9 % elastano  Dise\u00f1ado para: Cualquier entrenamiento  Cintura el\u00e1stica de tiro alto  Bolsillo en la cintura trasera  Importado  Color del producto: Violet Haze  C\u00f3digo de producto: HT6048                                                                                                                                                                                                                                                                                                                                                                                                                                                                                                                                                                                                                                                                                                                                                                                                                                                                                                                                                                                                                                        <\/p>\n","protected":false},"excerpt":{"rendered":"<p>MALLAS DE ENTRENAMIENTO DE TIRO ALTO<\/p>\n","protected":false},"featured_media":53114,"template":"","meta":[],"product_brand":[],"product_cat":[281],"product_tag":[41],"class_list":{"0":"post-38739","1":"product","2":"type-product","3":"status-publish","4":"has-post-thumbnail","6":"product_cat-mujer_textil_mallas","7":"product_tag-reebok","8":"pa_color-unico","9":"pa_talla-l","10":"pa_talla-xs","11":"thunk-woo-product-list","12":"opn-qv-enable","13":"open-woo-hover-","14":"open-single-product-tab-horizontal","15":"open-shadow-","16":"open-shadow-hover-","18":"first","19":"instock","20":"shipping-taxable","21":"purchasable","22":"product-type-variable"},"jetpack_sharing_enabled":true,"_links":{"self":[{"href":"https:\/\/www.deporteseli.com\/index.php?rest_route=\/wp\/v2\/product\/38739","targetHints":{"allow":["GET"]}}],"collection":[{"href":"https:\/\/www.deporteseli.com\/index.php?rest_route=\/wp\/v2\/product"}],"about":[{"href":"https:\/\/www.deporteseli.com\/index.php?rest_route=\/wp\/v2\/types\/product"}],"wp:featuredmedia":[{"embeddable":true,"href":"https:\/\/www.deporteseli.com\/index.php?rest_route=\/wp\/v2\/media\/53114"}],"wp:attachment":[{"href":"https:\/\/www.deporteseli.com\/index.php?rest_route=%2Fwp%2Fv2%2Fmedia&parent=38739"}],"wp:term":[{"taxonomy":"product_brand","embeddable":true,"href":"https:\/\/www.deporteseli.com\/index.php?rest_route=%2Fwp%2Fv2%2Fproduct_brand&post=38739"},{"taxonomy":"product_cat","embeddable":true,"href":"https:\/\/www.deporteseli.com\/index.php?rest_route=%2Fwp%2Fv2%2Fproduct_cat&post=38739"},{"taxonomy":"product_tag","embeddable":true,"href":"https:\/\/www.deporteseli.com\/index.php?rest_route=%2Fwp%2Fv2%2Fproduct_tag&post=38739"}],"curies":[{"name":"wp","href":"https:\/\/api.w.org\/{rel}","templated":true}]}}