{"id":38737,"date":"2026-01-27T18:15:15","date_gmt":"2026-01-27T18:15:15","guid":{"rendered":"https:\/\/www.deporteseli.com\/?product=mallas-workout-ready-camo-print"},"modified":"2026-03-07T05:27:46","modified_gmt":"2026-03-07T05:27:46","slug":"mallas-workout-ready-camo-print","status":"publish","type":"product","link":"https:\/\/www.deporteseli.com\/?product=mallas-workout-ready-camo-print","title":{"rendered":"MALLAS WORKOUT READY CAMO PRINT"},"content":{"rendered":"<p>UNA MALLAS DE ENTRENAMIENTO DE TALLE ALTO CON UN BOLSILLO TRASERO.  Ponte en forma, entrenamiento a entrenamiento. Con estas mallas Reebok para mujer estar\u00e1s siempre lista para darlo todo. La tecnolog\u00eda Speedwick dispersa la humedad y te mantiene seca en tus clases de spinning o HIIT. El estampado de camuflaje con efecto de pinceladas le infunde un look moderno y original.  El corte ajustado se adapta a tu silueta de forma natural.  Punto entrelazado Speedwick, 91 % poli\u00e9ster \/ 9 % elast\u00e1n.  Ideales para: cualquier tipo de entrenamiento.  Cintura el\u00e1stica de talle alto.  Bolsillo en la parte posterior de la cintura.  Color del art\u00edculo: Hunter Green  N\u00famero de art\u00edculo: HT6049                                                                                                                                                                                                                                                                                                                                                                                                                                                                                                                                                                                                                                                                                                                                                                                                                                                                                                                                                                                                                                        <\/p>\n","protected":false},"excerpt":{"rendered":"<p>MALLAS WORKOUT READY CAMO PRINT<\/p>\n","protected":false},"featured_media":53109,"template":"","meta":[],"product_brand":[],"product_cat":[281],"product_tag":[41],"class_list":{"0":"post-38737","1":"product","2":"type-product","3":"status-publish","4":"has-post-thumbnail","6":"product_cat-mujer_textil_mallas","7":"product_tag-reebok","8":"pa_color-unico","9":"pa_talla-xs","10":"thunk-woo-product-list","11":"opn-qv-enable","12":"open-woo-hover-","13":"open-single-product-tab-horizontal","14":"open-shadow-","15":"open-shadow-hover-","17":"first","18":"instock","19":"shipping-taxable","20":"purchasable","21":"product-type-variable"},"jetpack_sharing_enabled":true,"_links":{"self":[{"href":"https:\/\/www.deporteseli.com\/index.php?rest_route=\/wp\/v2\/product\/38737","targetHints":{"allow":["GET"]}}],"collection":[{"href":"https:\/\/www.deporteseli.com\/index.php?rest_route=\/wp\/v2\/product"}],"about":[{"href":"https:\/\/www.deporteseli.com\/index.php?rest_route=\/wp\/v2\/types\/product"}],"wp:featuredmedia":[{"embeddable":true,"href":"https:\/\/www.deporteseli.com\/index.php?rest_route=\/wp\/v2\/media\/53109"}],"wp:attachment":[{"href":"https:\/\/www.deporteseli.com\/index.php?rest_route=%2Fwp%2Fv2%2Fmedia&parent=38737"}],"wp:term":[{"taxonomy":"product_brand","embeddable":true,"href":"https:\/\/www.deporteseli.com\/index.php?rest_route=%2Fwp%2Fv2%2Fproduct_brand&post=38737"},{"taxonomy":"product_cat","embeddable":true,"href":"https:\/\/www.deporteseli.com\/index.php?rest_route=%2Fwp%2Fv2%2Fproduct_cat&post=38737"},{"taxonomy":"product_tag","embeddable":true,"href":"https:\/\/www.deporteseli.com\/index.php?rest_route=%2Fwp%2Fv2%2Fproduct_tag&post=38737"}],"curies":[{"name":"wp","href":"https:\/\/api.w.org\/{rel}","templated":true}]}}