{"id":38646,"date":"2026-01-27T18:13:11","date_gmt":"2026-01-27T18:13:11","guid":{"rendered":"https:\/\/www.deporteseli.com\/?product=falda-k-swiss-hypercourt-4"},"modified":"2026-03-07T05:27:24","modified_gmt":"2026-03-07T05:27:24","slug":"falda-k-swiss-hypercourt-4","status":"publish","type":"product","link":"https:\/\/www.deporteseli.com\/?product=falda-k-swiss-hypercourt-4","title":{"rendered":"FALDA K-SWISS HYPERCOURT 4"},"content":{"rendered":"<p>Caracter\u00edsticas m\u00e1s importantes:    Material: 88 % poli\u00e9ster, 12 % elastano   Cintura el\u00e1stica.  La falda K-Swiss Hypercourt 4  proviene de la colecci\u00f3n Hypercourt de K-Swiss. Esta colecci\u00f3n vuelve a lo b\u00e1sico. Los colores de la colecci\u00f3n Hypercourt se han elegido con mimo y se reflejan en toda la colecci\u00f3n K-Swiss.     Esta falda deportiva tiene una cinturilla el\u00e1stica ancha para un ajuste personalizado y contiene mallas cortas integradas para el soporte necesario y cobertura adicional. El material utilizado se mueve suavemente con el cuerpo y proporciona mucha comodidad.                                                                                                                                                                                                                                                                                                                                                                                                                                                                                                                                                                                                                                                                                                                                                                                                                                                                                                                                                                                                                                        <\/p>\n","protected":false},"excerpt":{"rendered":"<p>FALDA K-SWISS HYPERCOURT 4<\/p>\n","protected":false},"featured_media":53015,"template":"","meta":[],"product_brand":[],"product_cat":[366],"product_tag":[26],"class_list":{"0":"post-38646","1":"product","2":"type-product","3":"status-publish","4":"has-post-thumbnail","6":"product_cat-padel_y_tenis_textil_faldas","7":"product_tag-k-swiss","8":"pa_color-unico","9":"pa_talla-l","10":"pa_talla-s","11":"thunk-woo-product-list","12":"opn-qv-enable","13":"open-woo-hover-","14":"open-single-product-tab-horizontal","15":"open-shadow-","16":"open-shadow-hover-","18":"first","19":"instock","20":"shipping-taxable","21":"purchasable","22":"product-type-variable"},"jetpack_sharing_enabled":true,"_links":{"self":[{"href":"https:\/\/www.deporteseli.com\/index.php?rest_route=\/wp\/v2\/product\/38646","targetHints":{"allow":["GET"]}}],"collection":[{"href":"https:\/\/www.deporteseli.com\/index.php?rest_route=\/wp\/v2\/product"}],"about":[{"href":"https:\/\/www.deporteseli.com\/index.php?rest_route=\/wp\/v2\/types\/product"}],"wp:featuredmedia":[{"embeddable":true,"href":"https:\/\/www.deporteseli.com\/index.php?rest_route=\/wp\/v2\/media\/53015"}],"wp:attachment":[{"href":"https:\/\/www.deporteseli.com\/index.php?rest_route=%2Fwp%2Fv2%2Fmedia&parent=38646"}],"wp:term":[{"taxonomy":"product_brand","embeddable":true,"href":"https:\/\/www.deporteseli.com\/index.php?rest_route=%2Fwp%2Fv2%2Fproduct_brand&post=38646"},{"taxonomy":"product_cat","embeddable":true,"href":"https:\/\/www.deporteseli.com\/index.php?rest_route=%2Fwp%2Fv2%2Fproduct_cat&post=38646"},{"taxonomy":"product_tag","embeddable":true,"href":"https:\/\/www.deporteseli.com\/index.php?rest_route=%2Fwp%2Fv2%2Fproduct_tag&post=38646"}],"curies":[{"name":"wp","href":"https:\/\/api.w.org\/{rel}","templated":true}]}}