{"id":38624,"date":"2026-01-27T18:12:40","date_gmt":"2026-01-27T18:12:40","guid":{"rendered":"https:\/\/www.deporteseli.com\/?product=gorra-essential-aeroready"},"modified":"2026-01-27T18:12:42","modified_gmt":"2026-01-27T18:12:42","slug":"gorra-essential-aeroready","status":"publish","type":"product","link":"https:\/\/www.deporteseli.com\/?product=gorra-essential-aeroready","title":{"rendered":"GORRA ESSENTIAL AEROREADY"},"content":{"rendered":"<p>PROTECCI\u00d3N Y ESTILO  Prot\u00e9gete del sol en tus entrenamientos al aire libre gracias a esta gorra de training. Cuenta con una visera curvada y una cinta interior con tecnolog\u00eda transpirable AEROREADY que mantiene la piel seca en todo momento.    Este producto se ha fabricado con diferentes materiales t\u00e9cnicos y contiene al menos un 40% de material reciclado. Su objetivo es plantear otra soluci\u00f3n m\u00e1s que ayude a eliminar los residuos pl\u00e1sticos.  Tejido principal: ripstop 100% poli\u00e9ster reciclado  Cinta interior para el sudor: punto doble 100% poli\u00e9ster reciclado  AEROREADY  Visera suave  Cierre ajustable en la nuca  Color del art\u00edculo: Dark Blue \/ White  N\u00famero de art\u00edculo: IC6514                                                                                                                                                                                                                                                                                                                                                                                                                                                                                                                                                                                                                                                                                                                                                                                                                                                                                                                                                                                                                                        <\/p>\n","protected":false},"excerpt":{"rendered":"<p>GORRA ESSENTIAL AEROREADY<\/p>\n","protected":false},"featured_media":52995,"template":"","meta":[],"product_brand":[],"product_cat":[399],"product_tag":[18],"class_list":{"0":"post-38624","1":"product","2":"type-product","3":"status-publish","4":"has-post-thumbnail","6":"product_cat-accesorios_gorras","7":"product_tag-adidas","8":"pa_color-unico","9":"pa_talla-m","10":"pa_talla-s","11":"thunk-woo-product-list","12":"opn-qv-enable","13":"open-woo-hover-","14":"open-single-product-tab-horizontal","15":"open-shadow-","16":"open-shadow-hover-","18":"first","19":"instock","20":"shipping-taxable","21":"purchasable","22":"product-type-variable"},"jetpack_sharing_enabled":true,"_links":{"self":[{"href":"https:\/\/www.deporteseli.com\/index.php?rest_route=\/wp\/v2\/product\/38624","targetHints":{"allow":["GET"]}}],"collection":[{"href":"https:\/\/www.deporteseli.com\/index.php?rest_route=\/wp\/v2\/product"}],"about":[{"href":"https:\/\/www.deporteseli.com\/index.php?rest_route=\/wp\/v2\/types\/product"}],"wp:featuredmedia":[{"embeddable":true,"href":"https:\/\/www.deporteseli.com\/index.php?rest_route=\/wp\/v2\/media\/52995"}],"wp:attachment":[{"href":"https:\/\/www.deporteseli.com\/index.php?rest_route=%2Fwp%2Fv2%2Fmedia&parent=38624"}],"wp:term":[{"taxonomy":"product_brand","embeddable":true,"href":"https:\/\/www.deporteseli.com\/index.php?rest_route=%2Fwp%2Fv2%2Fproduct_brand&post=38624"},{"taxonomy":"product_cat","embeddable":true,"href":"https:\/\/www.deporteseli.com\/index.php?rest_route=%2Fwp%2Fv2%2Fproduct_cat&post=38624"},{"taxonomy":"product_tag","embeddable":true,"href":"https:\/\/www.deporteseli.com\/index.php?rest_route=%2Fwp%2Fv2%2Fproduct_tag&post=38624"}],"curies":[{"name":"wp","href":"https:\/\/api.w.org\/{rel}","templated":true}]}}