{"id":38554,"date":"2026-01-27T18:11:07","date_gmt":"2026-01-27T18:11:07","guid":{"rendered":"https:\/\/www.deporteseli.com\/?product=saco-gym-puma-phase-gym-074943"},"modified":"2026-01-27T18:11:08","modified_gmt":"2026-01-27T18:11:08","slug":"saco-gym-puma-phase-gym-074943","status":"publish","type":"product","link":"https:\/\/www.deporteseli.com\/?product=saco-gym-puma-phase-gym-074943","title":{"rendered":"SACO GYM PUMA PHASE GYM 074943"},"content":{"rendered":"<p>Material y cuidado  Materiales: Textil\/-acr\u00edlico  Rigidez: Blando  Contiene partes no textiles de origen animal: No  Detalles del producto  Marca: Puma  Modelo: Phase Gym 074943   Serie: Puma Spring\/Summer 2023  Index: 4062453788153  Dise\u00f1o y estilo  Color: negro  Color del fabricante: black  Tipo de cierre: cuerdas  N\u00famero de compartimentos: 1  Uso: casual  Talla y ajuste  Dimensiones: 16\/36 x 42 x 2 cm  Longitud m\u00e1xima de las asas: 75 cm  \u00bfNo encuentras la informaci\u00f3n que buscas? Av\u00edsanos haciendo clic aqu\u00ed. Intentaremos completar tu sugerencia lo antes posible.    Garant\u00eda de originalidad  Todos los productos ofrecidos por zapatos.es son originales y proceden directamente de fabricantes o distribuidores autorizados.                                                                                                                                                                                                                                                                                                                                                                                                                                                                                                                                                                                                                                                                                                                                                                                                                                                                                                                                                                                                                                        <\/p>\n","protected":false},"excerpt":{"rendered":"<p>SACO GYM PUMA PHASE GYM 074943<\/p>\n","protected":false},"featured_media":52927,"template":"","meta":[],"product_brand":[],"product_cat":[401],"product_tag":[32],"class_list":{"0":"post-38554","1":"product","2":"type-product","3":"status-publish","4":"has-post-thumbnail","6":"product_cat-accesorios_mochilas","7":"product_tag-puma","8":"pa_color-unico","9":"pa_talla-unica","10":"thunk-woo-product-list","11":"opn-qv-enable","12":"open-woo-hover-","13":"open-single-product-tab-horizontal","14":"open-shadow-","15":"open-shadow-hover-","17":"first","18":"instock","19":"shipping-taxable","20":"purchasable","21":"product-type-variable"},"jetpack_sharing_enabled":true,"_links":{"self":[{"href":"https:\/\/www.deporteseli.com\/index.php?rest_route=\/wp\/v2\/product\/38554","targetHints":{"allow":["GET"]}}],"collection":[{"href":"https:\/\/www.deporteseli.com\/index.php?rest_route=\/wp\/v2\/product"}],"about":[{"href":"https:\/\/www.deporteseli.com\/index.php?rest_route=\/wp\/v2\/types\/product"}],"wp:featuredmedia":[{"embeddable":true,"href":"https:\/\/www.deporteseli.com\/index.php?rest_route=\/wp\/v2\/media\/52927"}],"wp:attachment":[{"href":"https:\/\/www.deporteseli.com\/index.php?rest_route=%2Fwp%2Fv2%2Fmedia&parent=38554"}],"wp:term":[{"taxonomy":"product_brand","embeddable":true,"href":"https:\/\/www.deporteseli.com\/index.php?rest_route=%2Fwp%2Fv2%2Fproduct_brand&post=38554"},{"taxonomy":"product_cat","embeddable":true,"href":"https:\/\/www.deporteseli.com\/index.php?rest_route=%2Fwp%2Fv2%2Fproduct_cat&post=38554"},{"taxonomy":"product_tag","embeddable":true,"href":"https:\/\/www.deporteseli.com\/index.php?rest_route=%2Fwp%2Fv2%2Fproduct_tag&post=38554"}],"curies":[{"name":"wp","href":"https:\/\/api.w.org\/{rel}","templated":true}]}}