{"id":38521,"date":"2026-01-27T18:10:26","date_gmt":"2026-01-27T18:10:26","guid":{"rendered":"https:\/\/www.deporteseli.com\/?product=mallas-7-8-training-aeroready"},"modified":"2026-03-07T05:23:37","modified_gmt":"2026-03-07T05:23:37","slug":"mallas-7-8-training-aeroready","status":"publish","type":"product","link":"https:\/\/www.deporteseli.com\/?product=mallas-7-8-training-aeroready","title":{"rendered":"MALLAS 7\/8 TRAINING AEROREADY"},"content":{"rendered":"<p>RENDIMIENTO Y ESTILO  Liberas endorfinas. Cumples tus objetivos. El entrenamiento ya es en s\u00ed una recompensa, pero estas mallas adidas para j\u00f3venes deportistas te ofrecen adem\u00e1s la ventaja de entrenar con estilo. Su estampado vibrante te ayuda a destacar en la cinta de correr o en la clase de baile, mientras que su cintura de talle alto garantiza una ajuste c\u00f3modo y estiliza tu silueta. El tejido transpirable AEROREADY mantiene la piel seca en todo momento.    Esta prenda se ha fabricado con diferentes materiales t\u00e9cnicos y contiene al menos un 70% de material reciclado. Su objetivo es plantear otra soluci\u00f3n m\u00e1s que ayude a acabar con los residuos pl\u00e1sticos marinos.  Corte ajustado  Cintura el\u00e1stica de talle alto  Interlock 89% poli\u00e9ster reciclado \/ 11% elast\u00e1n  AEROREADY  Bolsillo para las llaves en la pernera  Largo por encima del tobillo  Color del art\u00edculo: Semi Lucid Fuchsia \/ Carbon \/ White  N\u00famero de art\u00edculo: IC0352                                                                                                                                                                                                                                                                                                                                                                                                                                                                                                                                                                                                                                                                                                                                                                                                                                                                                                                                                                                                                                        <\/p>\n","protected":false},"excerpt":{"rendered":"<p>MALLAS 7\/8 TRAINING AEROREADY<\/p>\n","protected":false},"featured_media":52897,"template":"","meta":[],"product_brand":[],"product_cat":[386],"product_tag":[18],"class_list":{"0":"post-38521","1":"product","2":"type-product","3":"status-publish","4":"has-post-thumbnail","6":"product_cat-ninas_textil_mallas","7":"product_tag-adidas","8":"pa_color-unico","9":"pa_talla-t-10","10":"pa_talla-t-12","11":"pa_talla-t-14","12":"pa_talla-t-16","13":"thunk-woo-product-list","14":"opn-qv-enable","15":"open-woo-hover-","16":"open-single-product-tab-horizontal","17":"open-shadow-","18":"open-shadow-hover-","20":"first","21":"instock","22":"shipping-taxable","23":"purchasable","24":"product-type-variable"},"jetpack_sharing_enabled":true,"_links":{"self":[{"href":"https:\/\/www.deporteseli.com\/index.php?rest_route=\/wp\/v2\/product\/38521","targetHints":{"allow":["GET"]}}],"collection":[{"href":"https:\/\/www.deporteseli.com\/index.php?rest_route=\/wp\/v2\/product"}],"about":[{"href":"https:\/\/www.deporteseli.com\/index.php?rest_route=\/wp\/v2\/types\/product"}],"wp:featuredmedia":[{"embeddable":true,"href":"https:\/\/www.deporteseli.com\/index.php?rest_route=\/wp\/v2\/media\/52897"}],"wp:attachment":[{"href":"https:\/\/www.deporteseli.com\/index.php?rest_route=%2Fwp%2Fv2%2Fmedia&parent=38521"}],"wp:term":[{"taxonomy":"product_brand","embeddable":true,"href":"https:\/\/www.deporteseli.com\/index.php?rest_route=%2Fwp%2Fv2%2Fproduct_brand&post=38521"},{"taxonomy":"product_cat","embeddable":true,"href":"https:\/\/www.deporteseli.com\/index.php?rest_route=%2Fwp%2Fv2%2Fproduct_cat&post=38521"},{"taxonomy":"product_tag","embeddable":true,"href":"https:\/\/www.deporteseli.com\/index.php?rest_route=%2Fwp%2Fv2%2Fproduct_tag&post=38521"}],"curies":[{"name":"wp","href":"https:\/\/api.w.org\/{rel}","templated":true}]}}