{"id":38507,"date":"2026-01-27T18:10:06","date_gmt":"2026-01-27T18:10:06","guid":{"rendered":"https:\/\/www.deporteseli.com\/?product=raptor-hyperpulse-100-cly"},"modified":"2026-02-21T11:16:30","modified_gmt":"2026-02-21T11:16:30","slug":"raptor-hyperpulse-100-cly","status":"publish","type":"product","link":"https:\/\/www.deporteseli.com\/?product=raptor-hyperpulse-100-cly","title":{"rendered":"RAPTOR HYPERPULSE 100 CLY"},"content":{"rendered":"<p> Soporte, estabilidad y amortiguaci\u00f3n en la entresuela que proporciona un rebote extra! Esta versi\u00f3n est\u00e1 dise\u00f1ada para su uso en pistas de tierra batida .      El Lotto Raptor Hyperpulse 100 Clay  es la actualizaci\u00f3n nueva y mejorada de la l\u00ednea de zapatos Raptor con m\u00e1s amortiguaci\u00f3n y durabilidad que nunca! La parte superior Multilayer Kurim permite que el zapato sea estable sin agregar peso y se amolda a tu pie para un ajuste r\u00e1pido. Debajo del pie, el nuevo sistema Hyperpulse, hecho de una mezcla de EVA y ETPU con un dise\u00f1o de hoja \u00fanico, brinda una excelente amortiguaci\u00f3n y comodidad en \u00e1reas espec\u00edficas de los pies, enfoc\u00e1ndose en la absorci\u00f3n de impactos y el retorno de energ\u00eda para mantenerte en tu mejor forma durante todo el partido. Lotto tambi\u00e9n presenta la primera suela exterior Vibram en una cancha de tenis. Este material actualizado tiene una tracci\u00f3n y una durabilidad incre\u00edbles en la suela, y es un 30 % m\u00e1s resistente al desgaste que otras zapatillas de tenis en canchas de tierra batida .    Parte superior: Parte superior Kurim multicapa para comodidad, soporte y transpirabilidad ligeros. Puntera antiabrasi\u00f3n.  Entresuela: Hecha de una mezcla de EVA y ETPU con un dise\u00f1o de hoja \u00fanico, la nueva tecnolog\u00eda Hyperpulse proporciona amortiguaci\u00f3n, apuntando a \u00e1reas espec\u00edficas de los pies, rebote y comodidad para reducir el impacto de la cancha y se enfoca en el retorno de energ\u00eda para mantener su movimiento r\u00e1pido con cada paso.  Suela: el nuevo compuesto de caucho Vibram garantiza una tracci\u00f3n incre\u00edble y un 30 % adicional de resistencia al desgaste en comparaci\u00f3n con las suelas de tenis normales en canchas de tierra batida .  Color: Royal Gem \/ Blanco \/ Azul                                                                                                                                                                                                                                                                                                                                                                                                                                                                                                                                                                                                                                                                                                                                                                                                                                                                                                                                                                                                                                        <\/p>\n","protected":false},"excerpt":{"rendered":"<p>RAPTOR HYPERPULSE 100 CLY<\/p>\n","protected":false},"featured_media":52870,"template":"","meta":[],"product_brand":[],"product_cat":[371],"product_tag":[80],"class_list":{"0":"post-38507","1":"product","2":"type-product","3":"status-publish","4":"has-post-thumbnail","6":"product_cat-padel_y_tenis_calzado","7":"product_tag-lotto","8":"pa_color-unico","9":"pa_talla-151","10":"pa_talla-155","11":"thunk-woo-product-list","12":"opn-qv-enable","13":"open-woo-hover-","14":"open-single-product-tab-horizontal","15":"open-shadow-","16":"open-shadow-hover-","18":"first","19":"instock","20":"sale","21":"shipping-taxable","22":"purchasable","23":"product-type-variable"},"jetpack_sharing_enabled":true,"_links":{"self":[{"href":"https:\/\/www.deporteseli.com\/index.php?rest_route=\/wp\/v2\/product\/38507","targetHints":{"allow":["GET"]}}],"collection":[{"href":"https:\/\/www.deporteseli.com\/index.php?rest_route=\/wp\/v2\/product"}],"about":[{"href":"https:\/\/www.deporteseli.com\/index.php?rest_route=\/wp\/v2\/types\/product"}],"wp:featuredmedia":[{"embeddable":true,"href":"https:\/\/www.deporteseli.com\/index.php?rest_route=\/wp\/v2\/media\/52870"}],"wp:attachment":[{"href":"https:\/\/www.deporteseli.com\/index.php?rest_route=%2Fwp%2Fv2%2Fmedia&parent=38507"}],"wp:term":[{"taxonomy":"product_brand","embeddable":true,"href":"https:\/\/www.deporteseli.com\/index.php?rest_route=%2Fwp%2Fv2%2Fproduct_brand&post=38507"},{"taxonomy":"product_cat","embeddable":true,"href":"https:\/\/www.deporteseli.com\/index.php?rest_route=%2Fwp%2Fv2%2Fproduct_cat&post=38507"},{"taxonomy":"product_tag","embeddable":true,"href":"https:\/\/www.deporteseli.com\/index.php?rest_route=%2Fwp%2Fv2%2Fproduct_tag&post=38507"}],"curies":[{"name":"wp","href":"https:\/\/api.w.org\/{rel}","templated":true}]}}