{"id":38492,"date":"2026-01-27T18:09:49","date_gmt":"2026-01-27T18:09:49","guid":{"rendered":"https:\/\/www.deporteseli.com\/?product=zapatillas-lotto-mujer-superrapida-200-iv"},"modified":"2026-02-21T11:20:04","modified_gmt":"2026-02-21T11:20:04","slug":"zapatillas-lotto-mujer-superrapida-200-iv","status":"publish","type":"product","link":"https:\/\/www.deporteseli.com\/?product=zapatillas-lotto-mujer-superrapida-200-iv","title":{"rendered":"ZAPATILLAS LOTTO MUJER SUPERRAPIDA 200 IV"},"content":{"rendered":"<p>La zapatilla de p\u00e1del Lotto Mujer Superrapida 200 IV est\u00e1 dise\u00f1ada para adaptarse perfectamente a todas las pistas de p\u00e1del.  La parte superior de esta zapatilla est\u00e1 hecha de malla para mayor ligereza y transpirabilidad y protegida por una capa de TPU, que te proporcionar\u00e1 mayor durabilidad y estabilidad.  La entresuela est\u00e1 hecha de EVA junto con la tecnolog\u00eda Enerturn, que proporcionar\u00e1 un gran confort, y tambi\u00e9n gran reactividad en el arranque.  La suela, especialmente dise\u00f1ada por Lotto para el p\u00e1del, est\u00e1 hecha de clavos para mejorar el agarre en la pista y permite un movimiento m\u00e1s seguro.    Con este par se incluye un segundo par de cordones de color negro.    Aspecto \u00ab t\u00e9cnico \u00bb :     &#8211; Enerturn: Sistema de amortiguaci\u00f3n en el tal\u00f3n para absorber los impactos y redistribuir al m\u00e1ximo la energ\u00eda para los arranques.  &#8211; 3-S: Estabilizador lateral en la parte superior de la zapatilla para asegurar el pie en los desplazamientos.  &#8211; Puntoflex: Opci\u00f3n t\u00e9cnica especial que permite una buena flexi\u00f3n del pie y un excelente retorno el\u00e1stico.                                                                                                                                                                                                                                                                                                                                                                                                                                                                                                                                                                                                                                                                                                                                                                                                                                                                                                                                                                                                                                        <\/p>\n","protected":false},"excerpt":{"rendered":"<p>ZAPATILLAS LOTTO MUJER SUPERRAPIDA 200 IV<\/p>\n","protected":false},"featured_media":52855,"template":"","meta":[],"product_brand":[],"product_cat":[371],"product_tag":[80],"class_list":{"0":"post-38492","1":"product","2":"type-product","3":"status-publish","4":"has-post-thumbnail","6":"product_cat-padel_y_tenis_calzado","7":"product_tag-lotto","8":"pa_color-unico","9":"pa_talla-36-5","10":"pa_talla-143","11":"pa_talla-145","12":"thunk-woo-product-list","13":"opn-qv-enable","14":"open-woo-hover-","15":"open-single-product-tab-horizontal","16":"open-shadow-","17":"open-shadow-hover-","19":"first","20":"instock","21":"sale","22":"shipping-taxable","23":"purchasable","24":"product-type-variable"},"jetpack_sharing_enabled":true,"_links":{"self":[{"href":"https:\/\/www.deporteseli.com\/index.php?rest_route=\/wp\/v2\/product\/38492","targetHints":{"allow":["GET"]}}],"collection":[{"href":"https:\/\/www.deporteseli.com\/index.php?rest_route=\/wp\/v2\/product"}],"about":[{"href":"https:\/\/www.deporteseli.com\/index.php?rest_route=\/wp\/v2\/types\/product"}],"wp:featuredmedia":[{"embeddable":true,"href":"https:\/\/www.deporteseli.com\/index.php?rest_route=\/wp\/v2\/media\/52855"}],"wp:attachment":[{"href":"https:\/\/www.deporteseli.com\/index.php?rest_route=%2Fwp%2Fv2%2Fmedia&parent=38492"}],"wp:term":[{"taxonomy":"product_brand","embeddable":true,"href":"https:\/\/www.deporteseli.com\/index.php?rest_route=%2Fwp%2Fv2%2Fproduct_brand&post=38492"},{"taxonomy":"product_cat","embeddable":true,"href":"https:\/\/www.deporteseli.com\/index.php?rest_route=%2Fwp%2Fv2%2Fproduct_cat&post=38492"},{"taxonomy":"product_tag","embeddable":true,"href":"https:\/\/www.deporteseli.com\/index.php?rest_route=%2Fwp%2Fv2%2Fproduct_tag&post=38492"}],"curies":[{"name":"wp","href":"https:\/\/api.w.org\/{rel}","templated":true}]}}