{"id":38472,"date":"2026-01-27T18:09:23","date_gmt":"2026-01-27T18:09:23","guid":{"rendered":"https:\/\/www.deporteseli.com\/?product=camisa-j-smith-abina"},"modified":"2026-03-07T05:22:42","modified_gmt":"2026-03-07T05:22:42","slug":"camisa-j-smith-abina","status":"publish","type":"product","link":"https:\/\/www.deporteseli.com\/?product=camisa-j-smith-abina","title":{"rendered":"CAMISA J.SMITH ABINA"},"content":{"rendered":"<p>Camiseta confeccionada en tejido de poli\u00e9ster jacquard con acabado de secado r\u00e1pido. Gr\u00e1ficos reflectantes. Estampado en la espalda.    COMPOSICI\u00d3N:    100% Poli\u00e9ster    Jersey jacquard lite.    TEJIDO T\u00c9CNICO:    Quickerdry: Tejido con extraordinario rendimiento en absorci\u00f3n del sudor. Logra apartar la humedad de la piel y permite la circulaci\u00f3n del aire hacia la capa interior.                                                                                                                                                                                                                                                                                                                                                                                                                                                                                                                                                                                                                                                                                                                                                                                                                                                                                                                                                                                                                                        <\/p>\n","protected":false},"excerpt":{"rendered":"<p>CAMISA J.SMITH ABINA<\/p>\n","protected":false},"featured_media":52826,"template":"","meta":[],"product_brand":[],"product_cat":[269],"product_tag":[43],"class_list":{"0":"post-38472","1":"product","2":"type-product","3":"status-publish","4":"has-post-thumbnail","6":"product_cat-mujer_textil_camisetas","7":"product_tag-jhon_smith","8":"pa_color-unico","9":"pa_talla-m","10":"pa_talla-s","11":"thunk-woo-product-list","12":"opn-qv-enable","13":"open-woo-hover-","14":"open-single-product-tab-horizontal","15":"open-shadow-","16":"open-shadow-hover-","18":"first","19":"instock","20":"shipping-taxable","21":"purchasable","22":"product-type-variable"},"jetpack_sharing_enabled":true,"_links":{"self":[{"href":"https:\/\/www.deporteseli.com\/index.php?rest_route=\/wp\/v2\/product\/38472","targetHints":{"allow":["GET"]}}],"collection":[{"href":"https:\/\/www.deporteseli.com\/index.php?rest_route=\/wp\/v2\/product"}],"about":[{"href":"https:\/\/www.deporteseli.com\/index.php?rest_route=\/wp\/v2\/types\/product"}],"wp:featuredmedia":[{"embeddable":true,"href":"https:\/\/www.deporteseli.com\/index.php?rest_route=\/wp\/v2\/media\/52826"}],"wp:attachment":[{"href":"https:\/\/www.deporteseli.com\/index.php?rest_route=%2Fwp%2Fv2%2Fmedia&parent=38472"}],"wp:term":[{"taxonomy":"product_brand","embeddable":true,"href":"https:\/\/www.deporteseli.com\/index.php?rest_route=%2Fwp%2Fv2%2Fproduct_brand&post=38472"},{"taxonomy":"product_cat","embeddable":true,"href":"https:\/\/www.deporteseli.com\/index.php?rest_route=%2Fwp%2Fv2%2Fproduct_cat&post=38472"},{"taxonomy":"product_tag","embeddable":true,"href":"https:\/\/www.deporteseli.com\/index.php?rest_route=%2Fwp%2Fv2%2Fproduct_tag&post=38472"}],"curies":[{"name":"wp","href":"https:\/\/api.w.org\/{rel}","templated":true}]}}