{"id":38330,"date":"2026-01-27T18:06:05","date_gmt":"2026-01-27T18:06:05","guid":{"rendered":"https:\/\/www.deporteseli.com\/?product=pantalon-corto-nino-head-club"},"modified":"2026-03-07T05:20:57","modified_gmt":"2026-03-07T05:20:57","slug":"pantalon-corto-nino-head-club","status":"publish","type":"product","link":"https:\/\/www.deporteseli.com\/?product=pantalon-corto-nino-head-club","title":{"rendered":"PANTAL\u00f3N CORTO NI\u00f1O HEAD CLUB"},"content":{"rendered":"<p>Con los pantalones cortos Head Club estar\u00e1s listo para el partido. Este pantal\u00f3n corto de tejido presenta inserciones de malla para mayor ventilaci\u00f3n, cinturilla el\u00e1stica con cord\u00f3n interior de ajuste y bolsillos laterales, perfectos para guardar pelotas. Los logotipos de Head se encuentran en la pierna izquierda.    Composici\u00f3n: 100 % poli\u00e9ster  Cinturilla el\u00e1stica con cord\u00f3n interior de ajuste  Bolsillos laterales  Inserciones de malla                                                                                                                                                                                                                                                                                                                                                                                                                                                                                                                                                                                                                                                                                                                                                                                                                                                                                                                                                                                                                                        <\/p>\n","protected":false},"excerpt":{"rendered":"<p>PANTAL\u00f3N CORTO NI\u00f1O HEAD CLUB<\/p>\n","protected":false},"featured_media":52713,"template":"","meta":[],"product_brand":[],"product_cat":[365],"product_tag":[22],"class_list":{"0":"post-38330","1":"product","2":"type-product","3":"status-publish","4":"has-post-thumbnail","6":"product_cat-padel_y_tenis_textil_shorts","7":"product_tag-head","8":"pa_color-unico","9":"pa_talla-t-10","10":"pa_talla-t-12","11":"pa_talla-t-14","12":"pa_talla-t-16","13":"thunk-woo-product-list","14":"opn-qv-enable","15":"open-woo-hover-","16":"open-single-product-tab-horizontal","17":"open-shadow-","18":"open-shadow-hover-","20":"first","21":"instock","22":"shipping-taxable","23":"purchasable","24":"product-type-variable"},"jetpack_sharing_enabled":true,"_links":{"self":[{"href":"https:\/\/www.deporteseli.com\/index.php?rest_route=\/wp\/v2\/product\/38330","targetHints":{"allow":["GET"]}}],"collection":[{"href":"https:\/\/www.deporteseli.com\/index.php?rest_route=\/wp\/v2\/product"}],"about":[{"href":"https:\/\/www.deporteseli.com\/index.php?rest_route=\/wp\/v2\/types\/product"}],"wp:featuredmedia":[{"embeddable":true,"href":"https:\/\/www.deporteseli.com\/index.php?rest_route=\/wp\/v2\/media\/52713"}],"wp:attachment":[{"href":"https:\/\/www.deporteseli.com\/index.php?rest_route=%2Fwp%2Fv2%2Fmedia&parent=38330"}],"wp:term":[{"taxonomy":"product_brand","embeddable":true,"href":"https:\/\/www.deporteseli.com\/index.php?rest_route=%2Fwp%2Fv2%2Fproduct_brand&post=38330"},{"taxonomy":"product_cat","embeddable":true,"href":"https:\/\/www.deporteseli.com\/index.php?rest_route=%2Fwp%2Fv2%2Fproduct_cat&post=38330"},{"taxonomy":"product_tag","embeddable":true,"href":"https:\/\/www.deporteseli.com\/index.php?rest_route=%2Fwp%2Fv2%2Fproduct_tag&post=38330"}],"curies":[{"name":"wp","href":"https:\/\/api.w.org\/{rel}","templated":true}]}}