{"id":38238,"date":"2026-01-27T18:03:53","date_gmt":"2026-01-27T18:03:53","guid":{"rendered":"https:\/\/www.deporteseli.com\/?product=gel-padel-pro-5-gs"},"modified":"2026-04-08T09:56:53","modified_gmt":"2026-04-08T09:56:53","slug":"gel-padel-pro-5-gs","status":"publish","type":"product","link":"https:\/\/www.deporteseli.com\/?product=gel-padel-pro-5-gs","title":{"rendered":"GEL-PADEL PRO 5 GS"},"content":{"rendered":"<p>Asics Gel-Padel Pro 5 Grade School Junior. Su tecnolog\u00eda GEL resulta ideal para moverse con gran protecci\u00f3n. Adem\u00e1s la tracci\u00f3n en su suela es perfecta para evitar lesiones.    Cuentan con soportes laterales para brindar comodidad y apoyo a los pies en cualquier movimiento que se realice, son unas zapatillas ligeras c\u00f3modas y muy duraderas.                                                                                                                                                                                                                                                                                                                                                                                                                                                                                                                                                                                                                                                                                                                                                                                                                                                                                                                                                                                                                                        <\/p>\n","protected":false},"excerpt":{"rendered":"<p>GEL-PADEL PRO 5 GS<\/p>\n","protected":false},"featured_media":52610,"template":"","meta":[],"product_brand":[],"product_cat":[371],"product_tag":[19],"class_list":{"0":"post-38238","1":"product","2":"type-product","3":"status-publish","4":"has-post-thumbnail","6":"product_cat-padel_y_tenis_calzado","7":"product_tag-asics","8":"pa_color-unico","9":"pa_talla-34-5","10":"pa_talla-141","11":"pa_talla-145","12":"pa_talla-147","13":"thunk-woo-product-list","14":"opn-qv-enable","15":"open-woo-hover-","16":"open-single-product-tab-horizontal","17":"open-shadow-","18":"open-shadow-hover-","20":"first","21":"instock","22":"sale","23":"shipping-taxable","24":"purchasable","25":"product-type-variable"},"jetpack_sharing_enabled":true,"_links":{"self":[{"href":"https:\/\/www.deporteseli.com\/index.php?rest_route=\/wp\/v2\/product\/38238","targetHints":{"allow":["GET"]}}],"collection":[{"href":"https:\/\/www.deporteseli.com\/index.php?rest_route=\/wp\/v2\/product"}],"about":[{"href":"https:\/\/www.deporteseli.com\/index.php?rest_route=\/wp\/v2\/types\/product"}],"wp:featuredmedia":[{"embeddable":true,"href":"https:\/\/www.deporteseli.com\/index.php?rest_route=\/wp\/v2\/media\/52610"}],"wp:attachment":[{"href":"https:\/\/www.deporteseli.com\/index.php?rest_route=%2Fwp%2Fv2%2Fmedia&parent=38238"}],"wp:term":[{"taxonomy":"product_brand","embeddable":true,"href":"https:\/\/www.deporteseli.com\/index.php?rest_route=%2Fwp%2Fv2%2Fproduct_brand&post=38238"},{"taxonomy":"product_cat","embeddable":true,"href":"https:\/\/www.deporteseli.com\/index.php?rest_route=%2Fwp%2Fv2%2Fproduct_cat&post=38238"},{"taxonomy":"product_tag","embeddable":true,"href":"https:\/\/www.deporteseli.com\/index.php?rest_route=%2Fwp%2Fv2%2Fproduct_tag&post=38238"}],"curies":[{"name":"wp","href":"https:\/\/api.w.org\/{rel}","templated":true}]}}