{"id":38236,"date":"2026-01-27T18:03:51","date_gmt":"2026-01-27T18:03:51","guid":{"rendered":"https:\/\/www.deporteseli.com\/?product=chandal-para-bebes-adidas-essentials"},"modified":"2026-03-07T05:20:35","modified_gmt":"2026-03-07T05:20:35","slug":"chandal-para-bebes-adidas-essentials","status":"publish","type":"product","link":"https:\/\/www.deporteseli.com\/?product=chandal-para-bebes-adidas-essentials","title":{"rendered":"CH\u00e1NDAL PARA BEB\u00e9S ADIDAS ESSENTIALS"},"content":{"rendered":"<p>Ch\u00e1ndal para beb\u00e9s adidas Essentials Lineage  Este conjunto de jogging adidas para beb\u00e9s es perfecto para el d\u00eda activo de tu peque\u00f1o. La camiseta y el pantal\u00f3n de sweat est\u00e1n hechos de una suave mezcla de algod\u00f3n y tienen pu\u00f1os de canal\u00e9 para un ajuste c\u00f3modo. Los broches de presi\u00f3n en los hombros hacen que sean f\u00e1ciles de poner y quitar. Al menos el 70% de este producto es una mezcla de materiales reciclados y renovables. Ajuste regular                                                                                                                                                                                                                                                                                                                                                                                                                                                                                                                                                                                                                                                                                                                                                                                                                                                                                                                                                                                                                                        <\/p>\n","protected":false},"excerpt":{"rendered":"<p>CH\u00e1NDAL PARA BEB\u00e9S ADIDAS ESSENTIALS<\/p>\n","protected":false},"featured_media":52605,"template":"","meta":[],"product_brand":[],"product_cat":[298],"product_tag":[18],"class_list":{"0":"post-38236","1":"product","2":"type-product","3":"status-publish","4":"has-post-thumbnail","6":"product_cat-nino_textil_chandals","7":"product_tag-adidas","8":"pa_color-unico","9":"pa_talla-103","10":"thunk-woo-product-list","11":"opn-qv-enable","12":"open-woo-hover-","13":"open-single-product-tab-horizontal","14":"open-shadow-","15":"open-shadow-hover-","17":"first","18":"instock","19":"shipping-taxable","20":"purchasable","21":"product-type-variable"},"jetpack_sharing_enabled":true,"_links":{"self":[{"href":"https:\/\/www.deporteseli.com\/index.php?rest_route=\/wp\/v2\/product\/38236","targetHints":{"allow":["GET"]}}],"collection":[{"href":"https:\/\/www.deporteseli.com\/index.php?rest_route=\/wp\/v2\/product"}],"about":[{"href":"https:\/\/www.deporteseli.com\/index.php?rest_route=\/wp\/v2\/types\/product"}],"wp:featuredmedia":[{"embeddable":true,"href":"https:\/\/www.deporteseli.com\/index.php?rest_route=\/wp\/v2\/media\/52605"}],"wp:attachment":[{"href":"https:\/\/www.deporteseli.com\/index.php?rest_route=%2Fwp%2Fv2%2Fmedia&parent=38236"}],"wp:term":[{"taxonomy":"product_brand","embeddable":true,"href":"https:\/\/www.deporteseli.com\/index.php?rest_route=%2Fwp%2Fv2%2Fproduct_brand&post=38236"},{"taxonomy":"product_cat","embeddable":true,"href":"https:\/\/www.deporteseli.com\/index.php?rest_route=%2Fwp%2Fv2%2Fproduct_cat&post=38236"},{"taxonomy":"product_tag","embeddable":true,"href":"https:\/\/www.deporteseli.com\/index.php?rest_route=%2Fwp%2Fv2%2Fproduct_tag&post=38236"}],"curies":[{"name":"wp","href":"https:\/\/api.w.org\/{rel}","templated":true}]}}