{"id":38206,"date":"2026-01-27T18:03:03","date_gmt":"2026-01-27T18:03:03","guid":{"rendered":"https:\/\/www.deporteseli.com\/?product=malla-bullpadel-otoba-negro"},"modified":"2026-01-27T18:03:06","modified_gmt":"2026-01-27T18:03:06","slug":"malla-bullpadel-otoba-negro","status":"publish","type":"product","link":"https:\/\/www.deporteseli.com\/?product=malla-bullpadel-otoba-negro","title":{"rendered":"MALLA BULLPADEL OTOBA NEGRO"},"content":{"rendered":"<p>Malla de nuestra l\u00ednea m\u00e1s exclusiva Pro-line 413.  Est\u00e1 dise\u00f1ada con tejidos Premium el\u00e1sticos para proporcionar mayor libertad de movimiento e incorpora piezas con perforado l\u00e1ser, posicionadas en el bajo de la prenda, para aportar mayor transpirabilidad.  El modelo presenta dos bolsillos en los costados, uno para la bola y otro para guardar objetos como el m\u00f3vil o las llaves, y las costuras reforzadas para incrementar el rendimiento. Tambi\u00e9n presenta vivos el\u00e1sticos personalizados para ajustar los bolsillos, d\u00e1ndole un toque de dise\u00f1o innovador y transmitiendo una sensaci\u00f3n de elegancia y calidad.  Adem\u00e1s, presenta la tecnolog\u00eda Drynamic que, a trav\u00e9s de microfilamentos, ayuda a reducir la humedad y favorece la transpiraci\u00f3n.  Composici\u00f3n: 87% poli\u00e9ster &#8211; 13% spandex. Double piqu\u00e9.    Tejido t\u00e9cnico: Dryanamic                                                                                                                                                                                                                                                                                                                                                                                                                                                                                                                                                                                                                                                                                                                                                                                                                                                                                                                                                                                                                                        <\/p>\n","protected":false},"excerpt":{"rendered":"<p>MALLA BULLPADEL OTOBA NEGRO<\/p>\n","protected":false},"featured_media":52569,"template":"","meta":[],"product_brand":[],"product_cat":[365],"product_tag":[21],"class_list":{"0":"post-38206","1":"product","2":"type-product","3":"status-publish","4":"has-post-thumbnail","6":"product_cat-padel_y_tenis_textil_shorts","7":"product_tag-bull_padel","8":"pa_color-unico","9":"pa_talla-xs","10":"thunk-woo-product-list","11":"opn-qv-enable","12":"open-woo-hover-","13":"open-single-product-tab-horizontal","14":"open-shadow-","15":"open-shadow-hover-","17":"first","18":"instock","19":"shipping-taxable","20":"purchasable","21":"product-type-variable"},"jetpack_sharing_enabled":true,"_links":{"self":[{"href":"https:\/\/www.deporteseli.com\/index.php?rest_route=\/wp\/v2\/product\/38206","targetHints":{"allow":["GET"]}}],"collection":[{"href":"https:\/\/www.deporteseli.com\/index.php?rest_route=\/wp\/v2\/product"}],"about":[{"href":"https:\/\/www.deporteseli.com\/index.php?rest_route=\/wp\/v2\/types\/product"}],"wp:featuredmedia":[{"embeddable":true,"href":"https:\/\/www.deporteseli.com\/index.php?rest_route=\/wp\/v2\/media\/52569"}],"wp:attachment":[{"href":"https:\/\/www.deporteseli.com\/index.php?rest_route=%2Fwp%2Fv2%2Fmedia&parent=38206"}],"wp:term":[{"taxonomy":"product_brand","embeddable":true,"href":"https:\/\/www.deporteseli.com\/index.php?rest_route=%2Fwp%2Fv2%2Fproduct_brand&post=38206"},{"taxonomy":"product_cat","embeddable":true,"href":"https:\/\/www.deporteseli.com\/index.php?rest_route=%2Fwp%2Fv2%2Fproduct_cat&post=38206"},{"taxonomy":"product_tag","embeddable":true,"href":"https:\/\/www.deporteseli.com\/index.php?rest_route=%2Fwp%2Fv2%2Fproduct_tag&post=38206"}],"curies":[{"name":"wp","href":"https:\/\/api.w.org\/{rel}","templated":true}]}}