{"id":38184,"date":"2026-01-27T18:02:20","date_gmt":"2026-01-27T18:02:20","guid":{"rendered":"https:\/\/www.deporteseli.com\/?product=chandal-aeroready-essentials-3-bandas"},"modified":"2026-01-27T18:02:23","modified_gmt":"2026-01-27T18:02:23","slug":"chandal-aeroready-essentials-3-bandas","status":"publish","type":"product","link":"https:\/\/www.deporteseli.com\/?product=chandal-aeroready-essentials-3-bandas","title":{"rendered":"CH\u00e1NDAL AEROREADY ESSENTIALS 3 BANDAS"},"content":{"rendered":"<p>Este ch\u00e1ndal refleja el legado deportivo de adidas. Cada prenda funciona por separado, pero juntas te ofrecen el mejor estilo de la ma\u00f1ana a la noche. La tecnolog\u00eda transpirable AEROREADY mantiene la piel fresca y seca en todo momento.    Este producto apoya el cultivo de algod\u00f3n sostenible y se ha confeccionado con material reciclado como parte de nuestro compromiso por acabar con los residuos pl\u00e1sticos.  Corte cl\u00e1sico  Chaqueta: cierre de cremallera y cuello alzado  Felpa 52% algod\u00f3n \/ 48% poli\u00e9ster reciclado  Chaqueta: bolsillos laterales sin cierre  Color del art\u00edculo: Legend Ink \/ White  N\u00famero de art\u00edculo: GK9977                                                                                                                                                                                                                                                                                                                                                                                                                                                                                                                                                                                                                                                                                                                                                                                                                                                                                                                                                                                                                                        <\/p>\n","protected":false},"excerpt":{"rendered":"<p>CH\u00e1NDAL AEROREADY ESSENTIALS 3 BANDAS<\/p>\n","protected":false},"featured_media":52542,"template":"","meta":[],"product_brand":[],"product_cat":[248],"product_tag":[18],"class_list":{"0":"post-38184","1":"product","2":"type-product","3":"status-publish","4":"has-post-thumbnail","6":"product_cat-hombre_textil_chandals","7":"product_tag-adidas","8":"pa_color-unico","9":"pa_talla-36-meses","10":"thunk-woo-product-list","11":"opn-qv-enable","12":"open-woo-hover-","13":"open-single-product-tab-horizontal","14":"open-shadow-","15":"open-shadow-hover-","17":"first","18":"instock","19":"shipping-taxable","20":"purchasable","21":"product-type-variable"},"jetpack_sharing_enabled":true,"_links":{"self":[{"href":"https:\/\/www.deporteseli.com\/index.php?rest_route=\/wp\/v2\/product\/38184","targetHints":{"allow":["GET"]}}],"collection":[{"href":"https:\/\/www.deporteseli.com\/index.php?rest_route=\/wp\/v2\/product"}],"about":[{"href":"https:\/\/www.deporteseli.com\/index.php?rest_route=\/wp\/v2\/types\/product"}],"wp:featuredmedia":[{"embeddable":true,"href":"https:\/\/www.deporteseli.com\/index.php?rest_route=\/wp\/v2\/media\/52542"}],"wp:attachment":[{"href":"https:\/\/www.deporteseli.com\/index.php?rest_route=%2Fwp%2Fv2%2Fmedia&parent=38184"}],"wp:term":[{"taxonomy":"product_brand","embeddable":true,"href":"https:\/\/www.deporteseli.com\/index.php?rest_route=%2Fwp%2Fv2%2Fproduct_brand&post=38184"},{"taxonomy":"product_cat","embeddable":true,"href":"https:\/\/www.deporteseli.com\/index.php?rest_route=%2Fwp%2Fv2%2Fproduct_cat&post=38184"},{"taxonomy":"product_tag","embeddable":true,"href":"https:\/\/www.deporteseli.com\/index.php?rest_route=%2Fwp%2Fv2%2Fproduct_tag&post=38184"}],"curies":[{"name":"wp","href":"https:\/\/api.w.org\/{rel}","templated":true}]}}