{"id":38153,"date":"2026-01-27T18:01:09","date_gmt":"2026-01-27T18:01:09","guid":{"rendered":"https:\/\/www.deporteseli.com\/?product=sudadera-brandlove"},"modified":"2026-01-27T18:01:13","modified_gmt":"2026-01-27T18:01:13","slug":"sudadera-brandlove","status":"publish","type":"product","link":"https:\/\/www.deporteseli.com\/?product=sudadera-brandlove","title":{"rendered":"SUDADERA BRANDLOVE"},"content":{"rendered":"<p>CONFORT Y ESTILO DEPORTIVO  Esta sudadera para j\u00f3venes deportistas luce un estampado con logotipos de adidas que deja clara tu pasi\u00f3n por la marca de las 3 bandas. Su tejido de felpa suave te ofrece toda la comodidad que buscas en tu d\u00eda a d\u00eda.    Contiene material reciclado proveniente de retales, residuos de producci\u00f3n y residuos dom\u00e9sticos para reducir el impacto ambiental que conlleva el uso de materiales v\u00edrgenes. Nuestros productos de algod\u00f3n se han fabricado de forma sostenible.  Detalles  Corte cl\u00e1sico  Dise\u00f1o con capucha  Felpa 52% algod\u00f3n \/ 48% poli\u00e9ster reciclado  Pu\u00f1os y dobladillo de canal\u00e9  Apoya a Better Cotton Initiative  Color del art\u00edculo: White  N\u00famero de art\u00edculo: HP0826                                                                                                                                                                                                                                                                                                                                                                                                                                                                                                                                                                                                                                                                                                                                                                                                                                                                                                                                                                                                                                        <\/p>\n","protected":false},"excerpt":{"rendered":"<p>SUDADERA BRANDLOVE<\/p>\n","protected":false},"featured_media":52507,"template":"","meta":[],"product_brand":[],"product_cat":[302],"product_tag":[18],"class_list":{"0":"post-38153","1":"product","2":"type-product","3":"status-publish","4":"has-post-thumbnail","6":"product_cat-nino_textil_sudaderas","7":"product_tag-adidas","8":"pa_color-unico","9":"pa_talla-t-16","10":"thunk-woo-product-list","11":"opn-qv-enable","12":"open-woo-hover-","13":"open-single-product-tab-horizontal","14":"open-shadow-","15":"open-shadow-hover-","17":"first","18":"instock","19":"shipping-taxable","20":"purchasable","21":"product-type-variable"},"jetpack_sharing_enabled":true,"_links":{"self":[{"href":"https:\/\/www.deporteseli.com\/index.php?rest_route=\/wp\/v2\/product\/38153","targetHints":{"allow":["GET"]}}],"collection":[{"href":"https:\/\/www.deporteseli.com\/index.php?rest_route=\/wp\/v2\/product"}],"about":[{"href":"https:\/\/www.deporteseli.com\/index.php?rest_route=\/wp\/v2\/types\/product"}],"wp:featuredmedia":[{"embeddable":true,"href":"https:\/\/www.deporteseli.com\/index.php?rest_route=\/wp\/v2\/media\/52507"}],"wp:attachment":[{"href":"https:\/\/www.deporteseli.com\/index.php?rest_route=%2Fwp%2Fv2%2Fmedia&parent=38153"}],"wp:term":[{"taxonomy":"product_brand","embeddable":true,"href":"https:\/\/www.deporteseli.com\/index.php?rest_route=%2Fwp%2Fv2%2Fproduct_brand&post=38153"},{"taxonomy":"product_cat","embeddable":true,"href":"https:\/\/www.deporteseli.com\/index.php?rest_route=%2Fwp%2Fv2%2Fproduct_cat&post=38153"},{"taxonomy":"product_tag","embeddable":true,"href":"https:\/\/www.deporteseli.com\/index.php?rest_route=%2Fwp%2Fv2%2Fproduct_tag&post=38153"}],"curies":[{"name":"wp","href":"https:\/\/api.w.org\/{rel}","templated":true}]}}