{"id":38046,"date":"2026-01-27T17:58:50","date_gmt":"2026-01-27T17:58:50","guid":{"rendered":"https:\/\/www.deporteseli.com\/?product=sujetador-deportivo-con-espalda-nadadora"},"modified":"2026-01-27T17:58:51","modified_gmt":"2026-01-27T17:58:51","slug":"sujetador-deportivo-con-espalda-nadadora","status":"publish","type":"product","link":"https:\/\/www.deporteseli.com\/?product=sujetador-deportivo-con-espalda-nadadora","title":{"rendered":"SUJETADOR DEPORTIVO CON ESPALDA NADADORA"},"content":{"rendered":"<p>Haz que tus entrenamientos de alta intensidad sean m\u00e1s ligeros con este sujetador deportivo de mujer de secado r\u00e1pido. Presenta un tratamiento especial antimicrobiano para que el tejido se mantenga fresco despu\u00e9s de su uso.  DETALLES DEL PRODUCTO  Dise\u00f1o con espalda nadadora  Tejido antimicrobiano de secado r\u00e1pido  Licra de algod\u00f3n de 230 g\/m\u00b2  90 % algod\u00f3n  10 % elastano                                                                                                                                                                                                                                                                                                                                                                                                                                                                                                                                                                                                                                                                                                                                                                                                                                                                                                                                                                                                                                        <\/p>\n","protected":false},"excerpt":{"rendered":"<p>SUJETADOR DEPORTIVO CON ESPALDA NADADORA<\/p>\n","protected":false},"featured_media":52418,"template":"","meta":[],"product_brand":[],"product_cat":[275],"product_tag":[51],"class_list":{"0":"post-38046","1":"product","2":"type-product","3":"status-publish","4":"has-post-thumbnail","6":"product_cat-mujer_textil_top","7":"product_tag-champion","8":"pa_color-unico","9":"pa_talla-m","10":"thunk-woo-product-list","11":"opn-qv-enable","12":"open-woo-hover-","13":"open-single-product-tab-horizontal","14":"open-shadow-","15":"open-shadow-hover-","17":"first","18":"instock","19":"shipping-taxable","20":"purchasable","21":"product-type-variable"},"jetpack_sharing_enabled":true,"_links":{"self":[{"href":"https:\/\/www.deporteseli.com\/index.php?rest_route=\/wp\/v2\/product\/38046","targetHints":{"allow":["GET"]}}],"collection":[{"href":"https:\/\/www.deporteseli.com\/index.php?rest_route=\/wp\/v2\/product"}],"about":[{"href":"https:\/\/www.deporteseli.com\/index.php?rest_route=\/wp\/v2\/types\/product"}],"wp:featuredmedia":[{"embeddable":true,"href":"https:\/\/www.deporteseli.com\/index.php?rest_route=\/wp\/v2\/media\/52418"}],"wp:attachment":[{"href":"https:\/\/www.deporteseli.com\/index.php?rest_route=%2Fwp%2Fv2%2Fmedia&parent=38046"}],"wp:term":[{"taxonomy":"product_brand","embeddable":true,"href":"https:\/\/www.deporteseli.com\/index.php?rest_route=%2Fwp%2Fv2%2Fproduct_brand&post=38046"},{"taxonomy":"product_cat","embeddable":true,"href":"https:\/\/www.deporteseli.com\/index.php?rest_route=%2Fwp%2Fv2%2Fproduct_cat&post=38046"},{"taxonomy":"product_tag","embeddable":true,"href":"https:\/\/www.deporteseli.com\/index.php?rest_route=%2Fwp%2Fv2%2Fproduct_tag&post=38046"}],"curies":[{"name":"wp","href":"https:\/\/api.w.org\/{rel}","templated":true}]}}