{"id":38043,"date":"2026-01-27T17:58:45","date_gmt":"2026-01-27T17:58:45","guid":{"rendered":"https:\/\/www.deporteseli.com\/?product=mallas-7-8-aeroready-disenado-para-moverse"},"modified":"2026-03-10T05:21:12","modified_gmt":"2026-03-10T05:21:12","slug":"mallas-7-8-aeroready-disenado-para-moverse","status":"publish","type":"product","link":"https:\/\/www.deporteseli.com\/?product=mallas-7-8-aeroready-disenado-para-moverse","title":{"rendered":"MALLAS 7\/8 AEROREADY DISE\u00f1ADO PARA MOVERSE"},"content":{"rendered":"<p>RENDIMIENTO Y SOSTENIBILIDAD  No hay espacio para las distracciones. Muestra tu determinaci\u00f3n. Estas mallas adidas te ayudan a relajarte despu\u00e9s de darlo todo. Su tejido supersuave y el\u00e1stico se ci\u00f1e a tu silueta y te permite moverte con total libertad. El tejido transpirable AEROREADY mantiene la piel seca cuando la temperatura sube.  Corte ajustado  Cintura el\u00e1stica  Punto 53% algod\u00f3n \/ 40% poli\u00e9ster reciclado \/ 7% elast\u00e1n  Tacto suave  Tejido transpirable AEROREADY  Largo por encima del tobillo  Cintura de talle medio  Apoya a Better Cotton Initiative  Color del art\u00edculo: Wonder Red  N\u00famero de art\u00edculo: HL2338                                                                                                                                                                                                                                                                                                                                                                                                                                                                                                                                                                                                                                                                                                                                                                                                                                                                                                                                                                                                                                        <\/p>\n","protected":false},"excerpt":{"rendered":"<p>MALLAS 7\/8 AEROREADY DISE\u00f1ADO PARA MOVERSE<\/p>\n","protected":false},"featured_media":52408,"template":"","meta":[],"product_brand":[],"product_cat":[281],"product_tag":[18],"class_list":{"0":"post-38043","1":"product","2":"type-product","3":"status-publish","4":"has-post-thumbnail","6":"product_cat-mujer_textil_mallas","7":"product_tag-adidas","8":"pa_color-unico","9":"pa_talla-m","10":"pa_talla-xs","11":"thunk-woo-product-list","12":"opn-qv-enable","13":"open-woo-hover-","14":"open-single-product-tab-horizontal","15":"open-shadow-","16":"open-shadow-hover-","18":"first","19":"instock","20":"shipping-taxable","21":"purchasable","22":"product-type-variable"},"jetpack_sharing_enabled":true,"_links":{"self":[{"href":"https:\/\/www.deporteseli.com\/index.php?rest_route=\/wp\/v2\/product\/38043","targetHints":{"allow":["GET"]}}],"collection":[{"href":"https:\/\/www.deporteseli.com\/index.php?rest_route=\/wp\/v2\/product"}],"about":[{"href":"https:\/\/www.deporteseli.com\/index.php?rest_route=\/wp\/v2\/types\/product"}],"wp:featuredmedia":[{"embeddable":true,"href":"https:\/\/www.deporteseli.com\/index.php?rest_route=\/wp\/v2\/media\/52408"}],"wp:attachment":[{"href":"https:\/\/www.deporteseli.com\/index.php?rest_route=%2Fwp%2Fv2%2Fmedia&parent=38043"}],"wp:term":[{"taxonomy":"product_brand","embeddable":true,"href":"https:\/\/www.deporteseli.com\/index.php?rest_route=%2Fwp%2Fv2%2Fproduct_brand&post=38043"},{"taxonomy":"product_cat","embeddable":true,"href":"https:\/\/www.deporteseli.com\/index.php?rest_route=%2Fwp%2Fv2%2Fproduct_cat&post=38043"},{"taxonomy":"product_tag","embeddable":true,"href":"https:\/\/www.deporteseli.com\/index.php?rest_route=%2Fwp%2Fv2%2Fproduct_tag&post=38043"}],"curies":[{"name":"wp","href":"https:\/\/api.w.org\/{rel}","templated":true}]}}