{"id":37857,"date":"2026-01-27T17:54:41","date_gmt":"2026-01-27T17:54:41","guid":{"rendered":"https:\/\/www.deporteseli.com\/?product=joluvi-chaqueta-airlight-unisex"},"modified":"2026-01-27T17:54:43","modified_gmt":"2026-01-27T17:54:43","slug":"joluvi-chaqueta-airlight-unisex","status":"publish","type":"product","link":"https:\/\/www.deporteseli.com\/?product=joluvi-chaqueta-airlight-unisex","title":{"rendered":"JOLUVI CHAQUETA AIRLIGHT UNISEX"},"content":{"rendered":"<p>Destaca y mantente protegido con la chaqueta Joluvi Unisex Airlight en amarillo ne\u00f3n. El tejido ligero Nylon-Light ofrece una gran protecci\u00f3n contra el viento y la lluvia para mantenerte seco y caliente.    El Nylon-Light es un tejido ligero muy adecuado para el running, el trail, el atletismo y los deportes que requieren gran movilidad y ligereza. Su tratamiento repelente al agua en la cara interna mejora la resistencia al viento y a la lluvia sin perder transpirabilidad.     Caracter\u00edsticas    Tejido de nylon ligero  Ligero  Acabado de las mangas para un ajuste seguro  100% nylon  Pr\u00e1ctico bolsillo lateral con cremallera  Hazte ver con el color amarillo ne\u00f3n brillante                                                                                                                                                                                                                                                                                                                                                                                                                                                                                                                                                                                                                                                                                                                                                                                                                                                                                                                                                                                                                                        <\/p>\n","protected":false},"excerpt":{"rendered":"<p>JOLUVI CHAQUETA AIRLIGHT UNISEX<\/p>\n","protected":false},"featured_media":52273,"template":"","meta":[],"product_brand":[],"product_cat":[257],"product_tag":[54],"class_list":{"0":"post-37857","1":"product","2":"type-product","3":"status-publish","4":"has-post-thumbnail","6":"product_cat-hombre_textil_cortavientos","7":"product_tag-joluvi","8":"pa_color-unico","9":"pa_talla-s","10":"thunk-woo-product-list","11":"opn-qv-enable","12":"open-woo-hover-","13":"open-single-product-tab-horizontal","14":"open-shadow-","15":"open-shadow-hover-","17":"first","18":"instock","19":"shipping-taxable","20":"purchasable","21":"product-type-variable"},"jetpack_sharing_enabled":true,"_links":{"self":[{"href":"https:\/\/www.deporteseli.com\/index.php?rest_route=\/wp\/v2\/product\/37857","targetHints":{"allow":["GET"]}}],"collection":[{"href":"https:\/\/www.deporteseli.com\/index.php?rest_route=\/wp\/v2\/product"}],"about":[{"href":"https:\/\/www.deporteseli.com\/index.php?rest_route=\/wp\/v2\/types\/product"}],"wp:featuredmedia":[{"embeddable":true,"href":"https:\/\/www.deporteseli.com\/index.php?rest_route=\/wp\/v2\/media\/52273"}],"wp:attachment":[{"href":"https:\/\/www.deporteseli.com\/index.php?rest_route=%2Fwp%2Fv2%2Fmedia&parent=37857"}],"wp:term":[{"taxonomy":"product_brand","embeddable":true,"href":"https:\/\/www.deporteseli.com\/index.php?rest_route=%2Fwp%2Fv2%2Fproduct_brand&post=37857"},{"taxonomy":"product_cat","embeddable":true,"href":"https:\/\/www.deporteseli.com\/index.php?rest_route=%2Fwp%2Fv2%2Fproduct_cat&post=37857"},{"taxonomy":"product_tag","embeddable":true,"href":"https:\/\/www.deporteseli.com\/index.php?rest_route=%2Fwp%2Fv2%2Fproduct_tag&post=37857"}],"curies":[{"name":"wp","href":"https:\/\/api.w.org\/{rel}","templated":true}]}}