{"id":37816,"date":"2026-01-27T17:53:52","date_gmt":"2026-01-27T17:53:52","guid":{"rendered":"https:\/\/www.deporteseli.com\/?product=zapatilla-bullpadel-vertex-hybrid-fly-22i-azu"},"modified":"2026-02-16T07:45:13","modified_gmt":"2026-02-16T07:45:13","slug":"zapatilla-bullpadel-vertex-hybrid-fly-22i-azu","status":"publish","type":"product","link":"https:\/\/www.deporteseli.com\/?product=zapatilla-bullpadel-vertex-hybrid-fly-22i-azu","title":{"rendered":"ZAPATILLA BULLPADEL VERTEX HYBRID FLY 22I AZU"},"content":{"rendered":"<p>Zapatilla utilizada por FEDE CHINGOTTO, est\u00e1 dise\u00f1ada para jugadores de nivel profesional o avanzado que requieren un calzado flexible y ligero. Adem\u00e1s cuenta con un dise\u00f1o sobrio y un ajuste con leng\u00fceta tradicional.      Lo m\u00e1s destacado de la zapatilla es la construcci\u00f3n de los tensores laterales tipo cord\u00f3n, que evitar\u00e1n que la zapatilla se deforme con el uso, adem\u00e1s de tener la elasticidad necesaria para facilitar los movimientos naturales del pie durante el juego.      El corte est\u00e1 constituido por termosellados fundidos que evita que nos entre arena, adem\u00e1s de permitir la transpirabilidad.    N\u00fameros: 40-46                                                                                                                                                                                                                                                                                                                                                                                                                                                                                                                                                                                                                                                                                                                                                                                                                                                                                                                                                                                                                                        <\/p>\n","protected":false},"excerpt":{"rendered":"<p>ZAPATILLA BULLPADEL VERTEX HYBRID FLY 22I AZU<\/p>\n","protected":false},"featured_media":52245,"template":"","meta":[],"product_brand":[],"product_cat":[371],"product_tag":[21],"class_list":{"0":"post-37816","1":"product","2":"type-product","3":"status-publish","4":"has-post-thumbnail","6":"product_cat-padel_y_tenis_calzado","7":"product_tag-bull_padel","8":"pa_color-unico","9":"pa_talla-153","10":"pa_talla-157","11":"pa_talla-44-5","12":"thunk-woo-product-list","13":"opn-qv-enable","14":"open-woo-hover-","15":"open-single-product-tab-horizontal","16":"open-shadow-","17":"open-shadow-hover-","19":"first","20":"instock","21":"sale","22":"shipping-taxable","23":"purchasable","24":"product-type-variable"},"jetpack_sharing_enabled":true,"_links":{"self":[{"href":"https:\/\/www.deporteseli.com\/index.php?rest_route=\/wp\/v2\/product\/37816","targetHints":{"allow":["GET"]}}],"collection":[{"href":"https:\/\/www.deporteseli.com\/index.php?rest_route=\/wp\/v2\/product"}],"about":[{"href":"https:\/\/www.deporteseli.com\/index.php?rest_route=\/wp\/v2\/types\/product"}],"wp:featuredmedia":[{"embeddable":true,"href":"https:\/\/www.deporteseli.com\/index.php?rest_route=\/wp\/v2\/media\/52245"}],"wp:attachment":[{"href":"https:\/\/www.deporteseli.com\/index.php?rest_route=%2Fwp%2Fv2%2Fmedia&parent=37816"}],"wp:term":[{"taxonomy":"product_brand","embeddable":true,"href":"https:\/\/www.deporteseli.com\/index.php?rest_route=%2Fwp%2Fv2%2Fproduct_brand&post=37816"},{"taxonomy":"product_cat","embeddable":true,"href":"https:\/\/www.deporteseli.com\/index.php?rest_route=%2Fwp%2Fv2%2Fproduct_cat&post=37816"},{"taxonomy":"product_tag","embeddable":true,"href":"https:\/\/www.deporteseli.com\/index.php?rest_route=%2Fwp%2Fv2%2Fproduct_tag&post=37816"}],"curies":[{"name":"wp","href":"https:\/\/api.w.org\/{rel}","templated":true}]}}