{"id":37726,"date":"2026-01-27T17:51:29","date_gmt":"2026-01-27T17:51:29","guid":{"rendered":"https:\/\/www.deporteseli.com\/?product=botas-para-cesped-x-speedportal-3"},"modified":"2026-01-27T17:51:37","modified_gmt":"2026-01-27T17:51:37","slug":"botas-para-cesped-x-speedportal-3","status":"publish","type":"product","link":"https:\/\/www.deporteseli.com\/?product=botas-para-cesped-x-speedportal-3","title":{"rendered":"BOTAS PARA C\u00e9SPED X SPEEDPORTAL.3"},"content":{"rendered":"<p>BOTAS PARA ESTABILIDAD A ALTA VELOCIDAD, FABRICADAS EN PARTE CON MATERIALES RECICLADOS.  Tiempo y espacio. Todo es relativo cuando juegas en una dimensi\u00f3n diferente. Abre la puerta a la velocidad multidimensional en adidas X Speedportal. La suela exterior de goma con tacos de estas botas de f\u00fatbol para j\u00f3venes te mantiene r\u00e1pido en c\u00e9sped artificial. En la parte superior, la parte superior de tela suave y revestida incluye un collar de punto plano de apoyo y un bloqueo de tal\u00f3n externo de TPU r\u00edgido para mantenerlo atado con correa para habilidades r\u00e1pidas. Fabricada con una serie de materiales reciclados, esta parte superior presenta al menos un 50 % de contenido reciclado. Este producto representa solo una de nuestras soluciones para ayudar a acabar con los residuos pl\u00e1sticos.  Corte normal  Cierre de cordones  Exterior textil revestido  Bloqueo externo del tal\u00f3n  Suela de goma para c\u00e9sped artificial  La parte superior contiene un m\u00ednimo de 50 % de contenido reciclado  Color: N\u00facleo Negro \/ Rojo Solar \/ Verde Solar  C\u00f3digo de producto: HR1790                                                                                                                                                                                                                                                                                                                                                                                                                                                                                                                                                                                                                                                                                                                                                                                                                                                                                                                                                                                                                                        <\/p>\n","protected":false},"excerpt":{"rendered":"<p>BOTAS PARA C\u00e9SPED X SPEEDPORTAL.3<\/p>\n","protected":false},"featured_media":52160,"template":"","meta":[],"product_brand":[],"product_cat":[318],"product_tag":[18],"class_list":{"0":"post-37726","1":"product","2":"type-product","3":"status-publish","4":"has-post-thumbnail","6":"product_cat-deportes_futbol_botas","7":"product_tag-adidas","8":"pa_color-unico","9":"pa_talla-37-5","10":"pa_talla-145","11":"pa_talla-38-5","12":"thunk-woo-product-list","13":"opn-qv-enable","14":"open-woo-hover-","15":"open-single-product-tab-horizontal","16":"open-shadow-","17":"open-shadow-hover-","19":"first","20":"instock","21":"sale","22":"shipping-taxable","23":"purchasable","24":"product-type-variable"},"jetpack_sharing_enabled":true,"_links":{"self":[{"href":"https:\/\/www.deporteseli.com\/index.php?rest_route=\/wp\/v2\/product\/37726","targetHints":{"allow":["GET"]}}],"collection":[{"href":"https:\/\/www.deporteseli.com\/index.php?rest_route=\/wp\/v2\/product"}],"about":[{"href":"https:\/\/www.deporteseli.com\/index.php?rest_route=\/wp\/v2\/types\/product"}],"wp:featuredmedia":[{"embeddable":true,"href":"https:\/\/www.deporteseli.com\/index.php?rest_route=\/wp\/v2\/media\/52160"}],"wp:attachment":[{"href":"https:\/\/www.deporteseli.com\/index.php?rest_route=%2Fwp%2Fv2%2Fmedia&parent=37726"}],"wp:term":[{"taxonomy":"product_brand","embeddable":true,"href":"https:\/\/www.deporteseli.com\/index.php?rest_route=%2Fwp%2Fv2%2Fproduct_brand&post=37726"},{"taxonomy":"product_cat","embeddable":true,"href":"https:\/\/www.deporteseli.com\/index.php?rest_route=%2Fwp%2Fv2%2Fproduct_cat&post=37726"},{"taxonomy":"product_tag","embeddable":true,"href":"https:\/\/www.deporteseli.com\/index.php?rest_route=%2Fwp%2Fv2%2Fproduct_tag&post=37726"}],"curies":[{"name":"wp","href":"https:\/\/api.w.org\/{rel}","templated":true}]}}