{"id":37714,"date":"2026-01-27T17:51:06","date_gmt":"2026-01-27T17:51:06","guid":{"rendered":"https:\/\/www.deporteseli.com\/?product=pantalones-de-entrenamiento"},"modified":"2026-01-27T17:51:08","modified_gmt":"2026-01-27T17:51:08","slug":"pantalones-de-entrenamiento","status":"publish","type":"product","link":"https:\/\/www.deporteseli.com\/?product=pantalones-de-entrenamiento","title":{"rendered":"PANTALONES DE ENTRENAMIENTO"},"content":{"rendered":"<p>Entrene como los profesionales, rel\u00e1jese con estilo. Estos pantalones de f\u00fatbol adidas est\u00e1n fabricados con material AEROREADY que absorbe el sudor para mantenerte seco y preparado para cualquier cosa dentro y fuera del campo. La cintura ajustable con cord\u00f3n asegura un ajuste perfecto. Fabricado con materiales 100% reciclados, este producto es s\u00f3lo una de nuestras soluciones para combatir los residuos de pl\u00e1stico.    Ajuste delgado. Cintura media.                                                                                                                                                                                                                                                                                                                                                                                                                                                                                                                                                                                                                                                                                                                                                                                                                                                                                                                                                                                                                                        <\/p>\n","protected":false},"excerpt":{"rendered":"<p>PANTALONES DE ENTRENAMIENTO<\/p>\n","protected":false},"featured_media":52148,"template":"","meta":[],"product_brand":[],"product_cat":[278],"product_tag":[18],"class_list":{"0":"post-37714","1":"product","2":"type-product","3":"status-publish","4":"has-post-thumbnail","6":"product_cat-mujer_textil_pantalones","7":"product_tag-adidas","8":"pa_color-unico","9":"pa_talla-s","10":"thunk-woo-product-list","11":"opn-qv-enable","12":"open-woo-hover-","13":"open-single-product-tab-horizontal","14":"open-shadow-","15":"open-shadow-hover-","17":"first","18":"instock","19":"shipping-taxable","20":"purchasable","21":"product-type-variable"},"jetpack_sharing_enabled":true,"_links":{"self":[{"href":"https:\/\/www.deporteseli.com\/index.php?rest_route=\/wp\/v2\/product\/37714","targetHints":{"allow":["GET"]}}],"collection":[{"href":"https:\/\/www.deporteseli.com\/index.php?rest_route=\/wp\/v2\/product"}],"about":[{"href":"https:\/\/www.deporteseli.com\/index.php?rest_route=\/wp\/v2\/types\/product"}],"wp:featuredmedia":[{"embeddable":true,"href":"https:\/\/www.deporteseli.com\/index.php?rest_route=\/wp\/v2\/media\/52148"}],"wp:attachment":[{"href":"https:\/\/www.deporteseli.com\/index.php?rest_route=%2Fwp%2Fv2%2Fmedia&parent=37714"}],"wp:term":[{"taxonomy":"product_brand","embeddable":true,"href":"https:\/\/www.deporteseli.com\/index.php?rest_route=%2Fwp%2Fv2%2Fproduct_brand&post=37714"},{"taxonomy":"product_cat","embeddable":true,"href":"https:\/\/www.deporteseli.com\/index.php?rest_route=%2Fwp%2Fv2%2Fproduct_cat&post=37714"},{"taxonomy":"product_tag","embeddable":true,"href":"https:\/\/www.deporteseli.com\/index.php?rest_route=%2Fwp%2Fv2%2Fproduct_tag&post=37714"}],"curies":[{"name":"wp","href":"https:\/\/api.w.org\/{rel}","templated":true}]}}