{"id":37575,"date":"2026-01-27T17:47:44","date_gmt":"2026-01-27T17:47:44","guid":{"rendered":"https:\/\/www.deporteseli.com\/?product=pack-de-2-calzoncillos-boxer-de-hombre-head-7"},"modified":"2026-04-08T04:17:19","modified_gmt":"2026-04-08T04:17:19","slug":"pack-de-2-calzoncillos-boxer-de-hombre-head-7","status":"publish","type":"product","link":"https:\/\/www.deporteseli.com\/?product=pack-de-2-calzoncillos-boxer-de-hombre-head-7","title":{"rendered":"PACK DE 2 CALZONCILLOS B\u00f3XER DE HOMBRE HEAD 7"},"content":{"rendered":"<p>Descripci\u00f3n del Producto  Calzoncillos boxer deportivos para hombre  material el\u00e1stico suave  La cinta ancha facilita el ajuste.  95% algod\u00f3n, 5% elastano        C\u00f3moda ropa interior deportiva, perfecta para el uso diario y el deporte. Los calzoncillos b\u00f3xer HEAD para hombre, confeccionados en delicado algod\u00f3n, brindan comodidad en cualquier situaci\u00f3n. Las piernas extendidas protegen contra las abrasiones y una cinta ancha facilitar\u00e1 el ajuste.                                                                                                                                                                                                                                                                                                                                                                                                                                                                                                                                                                                                                                                                                                                                                                                                                                                                                                                                                                                                                                        <\/p>\n","protected":false},"excerpt":{"rendered":"<p>PACK DE 2 CALZONCILLOS B\u00f3XER DE HOMBRE HEAD 7<\/p>\n","protected":false},"featured_media":52022,"template":"","meta":[],"product_brand":[],"product_cat":[249],"product_tag":[22],"class_list":{"0":"post-37575","1":"product","2":"type-product","3":"status-publish","4":"has-post-thumbnail","6":"product_cat-hombre_textil_ropa_interior","7":"product_tag-head","8":"pa_color-unico","9":"pa_talla-m","10":"pa_talla-s","11":"pa_talla-xl","12":"thunk-woo-product-list","13":"opn-qv-enable","14":"open-woo-hover-","15":"open-single-product-tab-horizontal","16":"open-shadow-","17":"open-shadow-hover-","19":"first","20":"instock","21":"shipping-taxable","22":"purchasable","23":"product-type-variable"},"jetpack_sharing_enabled":true,"_links":{"self":[{"href":"https:\/\/www.deporteseli.com\/index.php?rest_route=\/wp\/v2\/product\/37575","targetHints":{"allow":["GET"]}}],"collection":[{"href":"https:\/\/www.deporteseli.com\/index.php?rest_route=\/wp\/v2\/product"}],"about":[{"href":"https:\/\/www.deporteseli.com\/index.php?rest_route=\/wp\/v2\/types\/product"}],"wp:featuredmedia":[{"embeddable":true,"href":"https:\/\/www.deporteseli.com\/index.php?rest_route=\/wp\/v2\/media\/52022"}],"wp:attachment":[{"href":"https:\/\/www.deporteseli.com\/index.php?rest_route=%2Fwp%2Fv2%2Fmedia&parent=37575"}],"wp:term":[{"taxonomy":"product_brand","embeddable":true,"href":"https:\/\/www.deporteseli.com\/index.php?rest_route=%2Fwp%2Fv2%2Fproduct_brand&post=37575"},{"taxonomy":"product_cat","embeddable":true,"href":"https:\/\/www.deporteseli.com\/index.php?rest_route=%2Fwp%2Fv2%2Fproduct_cat&post=37575"},{"taxonomy":"product_tag","embeddable":true,"href":"https:\/\/www.deporteseli.com\/index.php?rest_route=%2Fwp%2Fv2%2Fproduct_tag&post=37575"}],"curies":[{"name":"wp","href":"https:\/\/api.w.org\/{rel}","templated":true}]}}