{"id":37527,"date":"2026-01-27T17:46:10","date_gmt":"2026-01-27T17:46:10","guid":{"rendered":"https:\/\/www.deporteseli.com\/?product=chandal-adidas-essential"},"modified":"2026-01-27T17:46:12","modified_gmt":"2026-01-27T17:46:12","slug":"chandal-adidas-essential","status":"publish","type":"product","link":"https:\/\/www.deporteseli.com\/?product=chandal-adidas-essential","title":{"rendered":"CHANDAL ADIDAS ESSENTIAL"},"content":{"rendered":"<p>COMODIDAD TOTAL  Para tu peque, cualquier momento es una nueva experiencia. Con este conjunto de sudadera y pantal\u00f3n explorar\u00e1 el mundo con total confort. Es f\u00e1cil de poner y presenta un corte ajustado que acompa\u00f1ar\u00e1 sus movimientos. El estampado y el logotipo de adidas le a\u00f1aden un toque de estilo a tu futuro deportista.    Nuestros productos de algod\u00f3n se han fabricado de forma sostenible. Es una de nuestras iniciativas para alcanzar nuestro objetivo de reducir los residuos pl\u00e1sticos.  Corte cl\u00e1sico  Sudadera: cuello redondo de canal\u00e9 con botones a presi\u00f3n  Felpa 70% algod\u00f3n \/ 30% poli\u00e9ster reciclado  Sudadera: Pu\u00f1os y dobladillo de canal\u00e9  Pantal\u00f3n: Cintura el\u00e1stica  Pantal\u00f3n: Pu\u00f1os de canal\u00e9  Color del art\u00edculo: Clear Pink  N\u00famero de art\u00edculo: HM6601                                                                                                                                                                                                                                                                                                                                                                                                                                                                                                                                                                                                                                                                                                                                                                                                                                                                                                                                                                                                                                        <\/p>\n","protected":false},"excerpt":{"rendered":"<p>CHANDAL ADIDAS ESSENTIAL<\/p>\n","protected":false},"featured_media":51977,"template":"","meta":[],"product_brand":[],"product_cat":[380],"product_tag":[18],"class_list":{"0":"post-37527","1":"product","2":"type-product","3":"status-publish","4":"has-post-thumbnail","6":"product_cat-ninas_textil_chandals","7":"product_tag-adidas","8":"pa_color-unico","9":"pa_talla-103","10":"thunk-woo-product-list","11":"opn-qv-enable","12":"open-woo-hover-","13":"open-single-product-tab-horizontal","14":"open-shadow-","15":"open-shadow-hover-","17":"first","18":"instock","19":"shipping-taxable","20":"purchasable","21":"product-type-variable"},"jetpack_sharing_enabled":true,"_links":{"self":[{"href":"https:\/\/www.deporteseli.com\/index.php?rest_route=\/wp\/v2\/product\/37527","targetHints":{"allow":["GET"]}}],"collection":[{"href":"https:\/\/www.deporteseli.com\/index.php?rest_route=\/wp\/v2\/product"}],"about":[{"href":"https:\/\/www.deporteseli.com\/index.php?rest_route=\/wp\/v2\/types\/product"}],"wp:featuredmedia":[{"embeddable":true,"href":"https:\/\/www.deporteseli.com\/index.php?rest_route=\/wp\/v2\/media\/51977"}],"wp:attachment":[{"href":"https:\/\/www.deporteseli.com\/index.php?rest_route=%2Fwp%2Fv2%2Fmedia&parent=37527"}],"wp:term":[{"taxonomy":"product_brand","embeddable":true,"href":"https:\/\/www.deporteseli.com\/index.php?rest_route=%2Fwp%2Fv2%2Fproduct_brand&post=37527"},{"taxonomy":"product_cat","embeddable":true,"href":"https:\/\/www.deporteseli.com\/index.php?rest_route=%2Fwp%2Fv2%2Fproduct_cat&post=37527"},{"taxonomy":"product_tag","embeddable":true,"href":"https:\/\/www.deporteseli.com\/index.php?rest_route=%2Fwp%2Fv2%2Fproduct_tag&post=37527"}],"curies":[{"name":"wp","href":"https:\/\/api.w.org\/{rel}","templated":true}]}}