{"id":37504,"date":"2026-01-27T17:45:26","date_gmt":"2026-01-27T17:45:26","guid":{"rendered":"https:\/\/www.deporteseli.com\/?product=zapatilla-lite-racer-3-0"},"modified":"2026-04-02T04:18:17","modified_gmt":"2026-04-02T04:18:17","slug":"zapatilla-lite-racer-3-0","status":"publish","type":"product","link":"https:\/\/www.deporteseli.com\/?product=zapatilla-lite-racer-3-0","title":{"rendered":"ZAPATILLA LITE RACER 3.0"},"content":{"rendered":"<p>LIGEREZA Y VENTILACI\u00d3N PARA FUTUROS ATLETAS  Todav\u00eda le quedan unos a\u00f1os hasta su primera marat\u00f3n, pero ya puede dar sus primeros pasos en el mundo del running. Esta zapatilla adidas de inspiraci\u00f3n deportiva presenta una parte superior de malla ligera y transpirable que favorece la ventilaci\u00f3n. La suela y la mediasuela flexibles aportan confort y confianza a su pisada.    Este producto se ha fabricado con diferentes materiales t\u00e9cnicos y contiene al menos un 50% de material reciclado. Su objetivo es plantear otra soluci\u00f3n m\u00e1s que ayude a eliminar los residuos pl\u00e1sticos.                                                                                                                                                                                                                                                                                                                                                                                                                                                                                                                                                                                                                                                                                                                                                                                                                                                                                                                                                                                                                                        <\/p>\n","protected":false},"excerpt":{"rendered":"<p>ZAPATILLA LITE RACER 3.0<\/p>\n","protected":false},"featured_media":62688,"template":"","meta":[],"product_brand":[],"product_cat":[237],"product_tag":[18],"class_list":{"0":"post-37504","1":"product","2":"type-product","3":"status-publish","4":"has-post-thumbnail","6":"product_cat-outlet_calzado","7":"product_tag-adidas","8":"pa_color-unico","9":"pa_talla-117","10":"pa_talla-t-20","11":"thunk-woo-product-list","12":"opn-qv-enable","13":"open-woo-hover-","14":"open-single-product-tab-horizontal","15":"open-shadow-","16":"open-shadow-hover-","18":"first","19":"instock","20":"shipping-taxable","21":"purchasable","22":"product-type-variable"},"jetpack_sharing_enabled":true,"_links":{"self":[{"href":"https:\/\/www.deporteseli.com\/index.php?rest_route=\/wp\/v2\/product\/37504","targetHints":{"allow":["GET"]}}],"collection":[{"href":"https:\/\/www.deporteseli.com\/index.php?rest_route=\/wp\/v2\/product"}],"about":[{"href":"https:\/\/www.deporteseli.com\/index.php?rest_route=\/wp\/v2\/types\/product"}],"wp:featuredmedia":[{"embeddable":true,"href":"https:\/\/www.deporteseli.com\/index.php?rest_route=\/wp\/v2\/media\/62688"}],"wp:attachment":[{"href":"https:\/\/www.deporteseli.com\/index.php?rest_route=%2Fwp%2Fv2%2Fmedia&parent=37504"}],"wp:term":[{"taxonomy":"product_brand","embeddable":true,"href":"https:\/\/www.deporteseli.com\/index.php?rest_route=%2Fwp%2Fv2%2Fproduct_brand&post=37504"},{"taxonomy":"product_cat","embeddable":true,"href":"https:\/\/www.deporteseli.com\/index.php?rest_route=%2Fwp%2Fv2%2Fproduct_cat&post=37504"},{"taxonomy":"product_tag","embeddable":true,"href":"https:\/\/www.deporteseli.com\/index.php?rest_route=%2Fwp%2Fv2%2Fproduct_tag&post=37504"}],"curies":[{"name":"wp","href":"https:\/\/api.w.org\/{rel}","templated":true}]}}