{"id":37490,"date":"2026-01-27T17:45:05","date_gmt":"2026-01-27T17:45:05","guid":{"rendered":"https:\/\/www.deporteseli.com\/?product=adidas-x-speedportal-4-tf-j"},"modified":"2026-01-27T17:45:06","modified_gmt":"2026-01-27T17:45:06","slug":"adidas-x-speedportal-4-tf-j","status":"publish","type":"product","link":"https:\/\/www.deporteseli.com\/?product=adidas-x-speedportal-4-tf-j","title":{"rendered":"ADIDAS X SPEEDPORTAL.4 TF J"},"content":{"rendered":"<p>Botas de f\u00fatbol con materiales reciclados.    Tiempo y espacio. Todo es relativo cuando juegas en diferentes dimensiones. Descubre la velocidad multidimensional con adidas X Speedportal. Estas botas de f\u00fatbol para ni\u00f1os est\u00e1n dise\u00f1adas para cortes din\u00e1micos y una velocidad disruptiva en campos de c\u00e9sped artificial. Suave y duradera, la parte superior sint\u00e9tica te ayuda a controlar el bal\u00f3n cuando aumenta la tensi\u00f3n.    La parte superior est\u00e1 hecha de materiales reciclados y consta de al menos un 50 % de material reciclado. Este producto representa solo una de nuestras soluciones para acabar con los residuos pl\u00e1sticos. Botas de f\u00fatbol con materiales reciclados.        Detalles    Regular fit  Con cordones  Parte superior sint\u00e9tica suave  Suela de caucho de c\u00e9sped artificial                                                                                                                                                                                                                                                                                                                                                                                                                                                                                                                                                                                                                                                                                                                                                                                                                                                                                                                                                                                                                                        <\/p>\n","protected":false},"excerpt":{"rendered":"<p>ADIDAS X SPEEDPORTAL.4 TF J<\/p>\n","protected":false},"featured_media":51921,"template":"","meta":[],"product_brand":[],"product_cat":[318],"product_tag":[18],"class_list":{"0":"post-37490","1":"product","2":"type-product","3":"status-publish","4":"has-post-thumbnail","6":"product_cat-deportes_futbol_botas","7":"product_tag-adidas","8":"pa_color-unico","9":"pa_talla-37-5","10":"thunk-woo-product-list","11":"opn-qv-enable","12":"open-woo-hover-","13":"open-single-product-tab-horizontal","14":"open-shadow-","15":"open-shadow-hover-","17":"first","18":"instock","19":"sale","20":"shipping-taxable","21":"purchasable","22":"product-type-variable"},"jetpack_sharing_enabled":true,"_links":{"self":[{"href":"https:\/\/www.deporteseli.com\/index.php?rest_route=\/wp\/v2\/product\/37490","targetHints":{"allow":["GET"]}}],"collection":[{"href":"https:\/\/www.deporteseli.com\/index.php?rest_route=\/wp\/v2\/product"}],"about":[{"href":"https:\/\/www.deporteseli.com\/index.php?rest_route=\/wp\/v2\/types\/product"}],"wp:featuredmedia":[{"embeddable":true,"href":"https:\/\/www.deporteseli.com\/index.php?rest_route=\/wp\/v2\/media\/51921"}],"wp:attachment":[{"href":"https:\/\/www.deporteseli.com\/index.php?rest_route=%2Fwp%2Fv2%2Fmedia&parent=37490"}],"wp:term":[{"taxonomy":"product_brand","embeddable":true,"href":"https:\/\/www.deporteseli.com\/index.php?rest_route=%2Fwp%2Fv2%2Fproduct_brand&post=37490"},{"taxonomy":"product_cat","embeddable":true,"href":"https:\/\/www.deporteseli.com\/index.php?rest_route=%2Fwp%2Fv2%2Fproduct_cat&post=37490"},{"taxonomy":"product_tag","embeddable":true,"href":"https:\/\/www.deporteseli.com\/index.php?rest_route=%2Fwp%2Fv2%2Fproduct_tag&post=37490"}],"curies":[{"name":"wp","href":"https:\/\/api.w.org\/{rel}","templated":true}]}}