{"id":37466,"date":"2026-01-27T17:44:35","date_gmt":"2026-01-27T17:44:35","guid":{"rendered":"https:\/\/www.deporteseli.com\/?product=camiseta-wilson-bela-hype-tech"},"modified":"2026-02-13T13:14:00","modified_gmt":"2026-02-13T13:14:00","slug":"camiseta-wilson-bela-hype-tech","status":"publish","type":"product","link":"https:\/\/www.deporteseli.com\/?product=camiseta-wilson-bela-hype-tech","title":{"rendered":"CAMISETA WILSON BELA HYPE TECH"},"content":{"rendered":"<p>Esta camiseta Wilson Bela Hype Tech es perfecta para jugar al p\u00e1del en competici\u00f3n o en el d\u00eda a d\u00eda, mostrando tu pasi\u00f3n por la leyenda argentina Fernando Belastegu\u00edn en cualquier circunstancia.    Su tejido est\u00e1 hecho de una mezcla de algod\u00f3n y poli\u00e9ster, que ofrece una incre\u00edble comodidad y libertad de movimiento.    El dise\u00f1o presenta el logotipo de Wilson, junto con el de la leyenda del 20&#215;10, Bela, en el centro de la camiseta. En la espalda de la camiseta aparece la frase  Un Belastegu\u00edn nunca se rinde , un lema muy querido por el jugador argentino.                                                                                                                                                                                                                                                                                                                                                                                                                                                                                                                                                                                                                                                                                                                                                                                                                                                                                                                                                                                                                                        <\/p>\n","protected":false},"excerpt":{"rendered":"<p>CAMISETA WILSON BELA HYPE TECH<\/p>\n","protected":false},"featured_media":51901,"template":"","meta":[],"product_brand":[],"product_cat":[364],"product_tag":[57],"class_list":{"0":"post-37466","1":"product","2":"type-product","3":"status-publish","4":"has-post-thumbnail","6":"product_cat-padel_y_tenis_textil_camisas","7":"product_tag-wilson","8":"pa_color-unico","9":"pa_talla-s","10":"thunk-woo-product-list","11":"opn-qv-enable","12":"open-woo-hover-","13":"open-single-product-tab-horizontal","14":"open-shadow-","15":"open-shadow-hover-","17":"first","18":"instock","19":"sale","20":"shipping-taxable","21":"purchasable","22":"product-type-variable"},"jetpack_sharing_enabled":true,"_links":{"self":[{"href":"https:\/\/www.deporteseli.com\/index.php?rest_route=\/wp\/v2\/product\/37466","targetHints":{"allow":["GET"]}}],"collection":[{"href":"https:\/\/www.deporteseli.com\/index.php?rest_route=\/wp\/v2\/product"}],"about":[{"href":"https:\/\/www.deporteseli.com\/index.php?rest_route=\/wp\/v2\/types\/product"}],"wp:featuredmedia":[{"embeddable":true,"href":"https:\/\/www.deporteseli.com\/index.php?rest_route=\/wp\/v2\/media\/51901"}],"wp:attachment":[{"href":"https:\/\/www.deporteseli.com\/index.php?rest_route=%2Fwp%2Fv2%2Fmedia&parent=37466"}],"wp:term":[{"taxonomy":"product_brand","embeddable":true,"href":"https:\/\/www.deporteseli.com\/index.php?rest_route=%2Fwp%2Fv2%2Fproduct_brand&post=37466"},{"taxonomy":"product_cat","embeddable":true,"href":"https:\/\/www.deporteseli.com\/index.php?rest_route=%2Fwp%2Fv2%2Fproduct_cat&post=37466"},{"taxonomy":"product_tag","embeddable":true,"href":"https:\/\/www.deporteseli.com\/index.php?rest_route=%2Fwp%2Fv2%2Fproduct_tag&post=37466"}],"curies":[{"name":"wp","href":"https:\/\/api.w.org\/{rel}","templated":true}]}}