{"id":37461,"date":"2026-01-27T17:44:29","date_gmt":"2026-01-27T17:44:29","guid":{"rendered":"https:\/\/www.deporteseli.com\/?product=zapatillas-de-tenis-para-ninos-adidas-barrica"},"modified":"2026-01-27T17:44:32","modified_gmt":"2026-01-27T17:44:32","slug":"zapatillas-de-tenis-para-ninos-adidas-barrica","status":"publish","type":"product","link":"https:\/\/www.deporteseli.com\/?product=zapatillas-de-tenis-para-ninos-adidas-barrica","title":{"rendered":"ZAPATILLAS DE TENIS PARA NI\u00f1OS ADIDAS BARRICA"},"content":{"rendered":"<p>Zapatillas de tenis para ni\u00f1os adidas Barricade  La zapatilla perfecta para dominar a tus rivales en la pista dura. Esta zapatilla de tenis Barricade adidas junior tiene un sistema de cordones intuitivo que fija el pie bajando la leng\u00fceta para que se adapte a tu pie. En el tal\u00f3n, el sistema Geofit rellena todos los espacios para que te sientas perfectamente c\u00f3modo. La amortiguaci\u00f3n de la entresuela Adiprene y el sistema Torsion garantizan la estabilidad y el confort.    La parte superior est\u00e1 hecha de al menos un 50% de material reciclado. Este producto es s\u00f3lo una de nuestras soluciones para combatir los residuos de pl\u00e1stico.                                                                                                                                                                                                                                                                                                                                                                                                                                                                                                                                                                                                                                                                                                                                                                                                                                                                                                                                                                                                                                        <\/p>\n","protected":false},"excerpt":{"rendered":"<p>ZAPATILLAS DE TENIS PARA NI\u00f1OS ADIDAS BARRICA<\/p>\n","protected":false},"featured_media":51894,"template":"","meta":[],"product_brand":[],"product_cat":[371],"product_tag":[18],"class_list":{"0":"post-37461","1":"product","2":"type-product","3":"status-publish","4":"has-post-thumbnail","6":"product_cat-padel_y_tenis_calzado","7":"product_tag-adidas","8":"pa_color-unico","9":"pa_talla-139","10":"pa_talla-145","11":"thunk-woo-product-list","12":"opn-qv-enable","13":"open-woo-hover-","14":"open-single-product-tab-horizontal","15":"open-shadow-","16":"open-shadow-hover-","18":"first","19":"instock","20":"sale","21":"shipping-taxable","22":"purchasable","23":"product-type-variable"},"jetpack_sharing_enabled":true,"_links":{"self":[{"href":"https:\/\/www.deporteseli.com\/index.php?rest_route=\/wp\/v2\/product\/37461","targetHints":{"allow":["GET"]}}],"collection":[{"href":"https:\/\/www.deporteseli.com\/index.php?rest_route=\/wp\/v2\/product"}],"about":[{"href":"https:\/\/www.deporteseli.com\/index.php?rest_route=\/wp\/v2\/types\/product"}],"wp:featuredmedia":[{"embeddable":true,"href":"https:\/\/www.deporteseli.com\/index.php?rest_route=\/wp\/v2\/media\/51894"}],"wp:attachment":[{"href":"https:\/\/www.deporteseli.com\/index.php?rest_route=%2Fwp%2Fv2%2Fmedia&parent=37461"}],"wp:term":[{"taxonomy":"product_brand","embeddable":true,"href":"https:\/\/www.deporteseli.com\/index.php?rest_route=%2Fwp%2Fv2%2Fproduct_brand&post=37461"},{"taxonomy":"product_cat","embeddable":true,"href":"https:\/\/www.deporteseli.com\/index.php?rest_route=%2Fwp%2Fv2%2Fproduct_cat&post=37461"},{"taxonomy":"product_tag","embeddable":true,"href":"https:\/\/www.deporteseli.com\/index.php?rest_route=%2Fwp%2Fv2%2Fproduct_tag&post=37461"}],"curies":[{"name":"wp","href":"https:\/\/api.w.org\/{rel}","templated":true}]}}