{"id":37380,"date":"2026-01-27T17:42:10","date_gmt":"2026-01-27T17:42:10","guid":{"rendered":"https:\/\/www.deporteseli.com\/?product=pala-padel-armor-v2"},"modified":"2026-02-16T07:44:35","modified_gmt":"2026-02-16T07:44:35","slug":"pala-padel-armor-v2","status":"publish","type":"product","link":"https:\/\/www.deporteseli.com\/?product=pala-padel-armor-v2","title":{"rendered":"PALA PADEL ARMOR V2"},"content":{"rendered":"<p>La Prince ARMOR v2 pertenece a la nueva generaci\u00f3n de palas de p\u00e1del de alta gama. Para jugadores de nivel INTENSIVO que buscan una pala potente y c\u00f3moda. Con la goma EVA SUPER SOFT consigue tu POTENCIA M\u00c1S EXPLOSIVA. Cara texturizada con ESF SPIN para dar m\u00e1s efecto a tu juego. Incorpora una mu\u00f1equera P-WRISTBAND que mantiene el sudor lejos de tu mano. HAZ TU JUEGO EXPLOSIVO.  No lo dudes!                                                                                                                                                                                                                                                                                                                                                                                                                                                                                                                                                                                                                                                                                                                                                                                                                                                                                                                                                                                                                                        <\/p>\n","protected":false},"excerpt":{"rendered":"<p>PALA PADEL ARMOR V2<\/p>\n","protected":false},"featured_media":51806,"template":"","meta":[],"product_brand":[],"product_cat":[353],"product_tag":[20],"class_list":{"0":"post-37380","1":"product","2":"type-product","3":"status-publish","4":"has-post-thumbnail","6":"product_cat-padel_y_tenis_palas","7":"product_tag-prince","8":"pa_color-unico","9":"pa_talla-unica","10":"thunk-woo-product-list","11":"opn-qv-enable","12":"open-woo-hover-","13":"open-single-product-tab-horizontal","14":"open-shadow-","15":"open-shadow-hover-","17":"first","18":"instock","19":"sale","20":"shipping-taxable","21":"purchasable","22":"product-type-variable"},"jetpack_sharing_enabled":true,"_links":{"self":[{"href":"https:\/\/www.deporteseli.com\/index.php?rest_route=\/wp\/v2\/product\/37380","targetHints":{"allow":["GET"]}}],"collection":[{"href":"https:\/\/www.deporteseli.com\/index.php?rest_route=\/wp\/v2\/product"}],"about":[{"href":"https:\/\/www.deporteseli.com\/index.php?rest_route=\/wp\/v2\/types\/product"}],"wp:featuredmedia":[{"embeddable":true,"href":"https:\/\/www.deporteseli.com\/index.php?rest_route=\/wp\/v2\/media\/51806"}],"wp:attachment":[{"href":"https:\/\/www.deporteseli.com\/index.php?rest_route=%2Fwp%2Fv2%2Fmedia&parent=37380"}],"wp:term":[{"taxonomy":"product_brand","embeddable":true,"href":"https:\/\/www.deporteseli.com\/index.php?rest_route=%2Fwp%2Fv2%2Fproduct_brand&post=37380"},{"taxonomy":"product_cat","embeddable":true,"href":"https:\/\/www.deporteseli.com\/index.php?rest_route=%2Fwp%2Fv2%2Fproduct_cat&post=37380"},{"taxonomy":"product_tag","embeddable":true,"href":"https:\/\/www.deporteseli.com\/index.php?rest_route=%2Fwp%2Fv2%2Fproduct_tag&post=37380"}],"curies":[{"name":"wp","href":"https:\/\/api.w.org\/{rel}","templated":true}]}}