{"id":37266,"date":"2026-01-27T17:38:44","date_gmt":"2026-01-27T17:38:44","guid":{"rendered":"https:\/\/www.deporteseli.com\/?product=calzado-comodo-de-mujer-cherial-negro"},"modified":"2026-01-27T17:38:48","modified_gmt":"2026-01-27T17:38:48","slug":"calzado-comodo-de-mujer-cherial-negro","status":"publish","type":"product","link":"https:\/\/www.deporteseli.com\/?product=calzado-comodo-de-mujer-cherial-negro","title":{"rendered":"CALZADO C\u00f3MODO DE MUJER CHERIAL NEGRO"},"content":{"rendered":"<p>Calzado c\u00f3modo de mujer en color negro de estilo mocas\u00edn.    Este modelo est\u00e1 fabricado con la plantilla  Comfort Feel , una plantilla exclusiva que potencia la sensaci\u00f3n de confort en cada paso.    Estas zapatillas est\u00e1n hechas con la tecnolog\u00eda strobel que facilita su flexibilidad y est\u00e1n dise\u00f1adas con materiales transpirables y suela especial muy c\u00f3moda de EVA ligera que mejora el agarre y reduce la abrasi\u00f3n.    J&#8217;hayber ofrece una experiencia de comodidad y amortiguaci\u00f3n m\u00e1xima para el d\u00eda a d\u00eda.                                                                                                                                                                                                                                                                                                                                                                                                                                                                                                                                                                                                                                                                                                                                                                                                                                                                                                                                                                                                                                        <\/p>\n","protected":false},"excerpt":{"rendered":"<p>CALZADO C\u00f3MODO DE MUJER CHERIAL NEGRO<\/p>\n","protected":false},"featured_media":51738,"template":"","meta":[],"product_brand":[],"product_cat":[287],"product_tag":[],"class_list":{"0":"post-37266","1":"product","2":"type-product","3":"status-publish","4":"has-post-thumbnail","6":"product_cat-mujer_calzado_casual","7":"pa_color-unico","8":"pa_talla-141","9":"thunk-woo-product-list","10":"opn-qv-enable","11":"open-woo-hover-","12":"open-single-product-tab-horizontal","13":"open-shadow-","14":"open-shadow-hover-","16":"first","17":"instock","18":"sale","19":"shipping-taxable","20":"purchasable","21":"product-type-variable"},"jetpack_sharing_enabled":true,"_links":{"self":[{"href":"https:\/\/www.deporteseli.com\/index.php?rest_route=\/wp\/v2\/product\/37266","targetHints":{"allow":["GET"]}}],"collection":[{"href":"https:\/\/www.deporteseli.com\/index.php?rest_route=\/wp\/v2\/product"}],"about":[{"href":"https:\/\/www.deporteseli.com\/index.php?rest_route=\/wp\/v2\/types\/product"}],"wp:featuredmedia":[{"embeddable":true,"href":"https:\/\/www.deporteseli.com\/index.php?rest_route=\/wp\/v2\/media\/51738"}],"wp:attachment":[{"href":"https:\/\/www.deporteseli.com\/index.php?rest_route=%2Fwp%2Fv2%2Fmedia&parent=37266"}],"wp:term":[{"taxonomy":"product_brand","embeddable":true,"href":"https:\/\/www.deporteseli.com\/index.php?rest_route=%2Fwp%2Fv2%2Fproduct_brand&post=37266"},{"taxonomy":"product_cat","embeddable":true,"href":"https:\/\/www.deporteseli.com\/index.php?rest_route=%2Fwp%2Fv2%2Fproduct_cat&post=37266"},{"taxonomy":"product_tag","embeddable":true,"href":"https:\/\/www.deporteseli.com\/index.php?rest_route=%2Fwp%2Fv2%2Fproduct_tag&post=37266"}],"curies":[{"name":"wp","href":"https:\/\/api.w.org\/{rel}","templated":true}]}}