{"id":37093,"date":"2026-01-27T17:32:43","date_gmt":"2026-01-27T17:32:43","guid":{"rendered":"https:\/\/www.deporteseli.com\/?product=nike-mallas-pro"},"modified":"2026-01-27T17:32:46","modified_gmt":"2026-01-27T17:32:46","slug":"nike-mallas-pro","status":"publish","type":"product","link":"https:\/\/www.deporteseli.com\/?product=nike-mallas-pro","title":{"rendered":"NIKE MALLAS PRO"},"content":{"rendered":"<p>Descripci\u00f3n Nike Mallas Pro  Las mallas Nike Pro para mujer son una capa base ideal para entrenamientos de alta intensidad, e incorporan la potencia que capilariza el sudor en una silueta con ajuste entallado que te realza la figura de la cadera al tobillo. Ancha cintura el\u00e1stica que aporta un mayor ajuste, a la vez que los paneles de malla a la altura de las pantorrillas mejoran la transpirabilidad.      Caracteristicas:    &#8211; El tejido Nike Pro proporciona un ajuste ce\u00f1ido y una ventilaci\u00f3n \u00f3ptima.  &#8211; Paneles de malla en las pantorrillas para aportar transpirabilidad.  &#8211; Cintura el\u00e1stica y ancha para un ajuste c\u00f3modo y seguro.      Especificaciones:    &#8211; 83% POLYESTER  &#8211; 17% SPANDEX                                                                                                                                                                                                                                                                                                                                                                                                                                                                                                                                                                                                                                                                                                                                                                                                                                                                                                                                                                                                                                        <\/p>\n","protected":false},"excerpt":{"rendered":"<p>NIKE MALLAS PRO<\/p>\n","protected":false},"featured_media":51629,"template":"","meta":[],"product_brand":[],"product_cat":[281],"product_tag":[37],"class_list":{"0":"post-37093","1":"product","2":"type-product","3":"status-publish","4":"has-post-thumbnail","6":"product_cat-mujer_textil_mallas","7":"product_tag-nike","8":"pa_color-unico","9":"pa_talla-xs","10":"thunk-woo-product-list","11":"opn-qv-enable","12":"open-woo-hover-","13":"open-single-product-tab-horizontal","14":"open-shadow-","15":"open-shadow-hover-","17":"first","18":"instock","19":"shipping-taxable","20":"purchasable","21":"product-type-variable"},"jetpack_sharing_enabled":true,"_links":{"self":[{"href":"https:\/\/www.deporteseli.com\/index.php?rest_route=\/wp\/v2\/product\/37093","targetHints":{"allow":["GET"]}}],"collection":[{"href":"https:\/\/www.deporteseli.com\/index.php?rest_route=\/wp\/v2\/product"}],"about":[{"href":"https:\/\/www.deporteseli.com\/index.php?rest_route=\/wp\/v2\/types\/product"}],"wp:featuredmedia":[{"embeddable":true,"href":"https:\/\/www.deporteseli.com\/index.php?rest_route=\/wp\/v2\/media\/51629"}],"wp:attachment":[{"href":"https:\/\/www.deporteseli.com\/index.php?rest_route=%2Fwp%2Fv2%2Fmedia&parent=37093"}],"wp:term":[{"taxonomy":"product_brand","embeddable":true,"href":"https:\/\/www.deporteseli.com\/index.php?rest_route=%2Fwp%2Fv2%2Fproduct_brand&post=37093"},{"taxonomy":"product_cat","embeddable":true,"href":"https:\/\/www.deporteseli.com\/index.php?rest_route=%2Fwp%2Fv2%2Fproduct_cat&post=37093"},{"taxonomy":"product_tag","embeddable":true,"href":"https:\/\/www.deporteseli.com\/index.php?rest_route=%2Fwp%2Fv2%2Fproduct_tag&post=37093"}],"curies":[{"name":"wp","href":"https:\/\/api.w.org\/{rel}","templated":true}]}}