{"id":36993,"date":"2026-01-27T17:29:21","date_gmt":"2026-01-27T17:29:21","guid":{"rendered":"https:\/\/www.deporteseli.com\/?product=camiseta-tirantes-mujer-wilson-team-ii"},"modified":"2026-02-16T07:44:23","modified_gmt":"2026-02-16T07:44:23","slug":"camiseta-tirantes-mujer-wilson-team-ii","status":"publish","type":"product","link":"https:\/\/www.deporteseli.com\/?product=camiseta-tirantes-mujer-wilson-team-ii","title":{"rendered":"CAMISETA TIRANTES MUJER WILSON TEAM II"},"content":{"rendered":"<p>Jugad unidas como equipo con esta camiseta Wilson Team II. Tiene espalda nadadora con distribuci\u00f3n geom\u00e9trica de colores por delante y por detr\u00e1s, poli\u00e9ster t\u00e9cnico, ribete en contraste en el cuello y en las axilas, tecnolog\u00eda nanoWIK para que vay\u00e1is superc\u00f3modas y un logo Wilson en transfer en el lado derecho del bajo.  Composici\u00f3n: 100 % poli\u00e9ster                                                                                                                                                                                                                                                                                                                                                                                                                                                                                                                                                                                                                                                                                                                                                                                                                                                                                                                                                                                                                                        <\/p>\n","protected":false},"excerpt":{"rendered":"<p>CAMISETA TIRANTES MUJER WILSON TEAM II<\/p>\n","protected":false},"featured_media":51574,"template":"","meta":[],"product_brand":[],"product_cat":[364],"product_tag":[57],"class_list":{"0":"post-36993","1":"product","2":"type-product","3":"status-publish","4":"has-post-thumbnail","6":"product_cat-padel_y_tenis_textil_camisas","7":"product_tag-wilson","8":"pa_color-unico","9":"pa_talla-l","10":"pa_talla-s","11":"thunk-woo-product-list","12":"opn-qv-enable","13":"open-woo-hover-","14":"open-single-product-tab-horizontal","15":"open-shadow-","16":"open-shadow-hover-","18":"first","19":"instock","20":"shipping-taxable","21":"purchasable","22":"product-type-variable"},"jetpack_sharing_enabled":true,"_links":{"self":[{"href":"https:\/\/www.deporteseli.com\/index.php?rest_route=\/wp\/v2\/product\/36993","targetHints":{"allow":["GET"]}}],"collection":[{"href":"https:\/\/www.deporteseli.com\/index.php?rest_route=\/wp\/v2\/product"}],"about":[{"href":"https:\/\/www.deporteseli.com\/index.php?rest_route=\/wp\/v2\/types\/product"}],"wp:featuredmedia":[{"embeddable":true,"href":"https:\/\/www.deporteseli.com\/index.php?rest_route=\/wp\/v2\/media\/51574"}],"wp:attachment":[{"href":"https:\/\/www.deporteseli.com\/index.php?rest_route=%2Fwp%2Fv2%2Fmedia&parent=36993"}],"wp:term":[{"taxonomy":"product_brand","embeddable":true,"href":"https:\/\/www.deporteseli.com\/index.php?rest_route=%2Fwp%2Fv2%2Fproduct_brand&post=36993"},{"taxonomy":"product_cat","embeddable":true,"href":"https:\/\/www.deporteseli.com\/index.php?rest_route=%2Fwp%2Fv2%2Fproduct_cat&post=36993"},{"taxonomy":"product_tag","embeddable":true,"href":"https:\/\/www.deporteseli.com\/index.php?rest_route=%2Fwp%2Fv2%2Fproduct_tag&post=36993"}],"curies":[{"name":"wp","href":"https:\/\/api.w.org\/{rel}","templated":true}]}}