{"id":36979,"date":"2026-01-27T17:28:42","date_gmt":"2026-01-27T17:28:42","guid":{"rendered":"https:\/\/www.deporteseli.com\/?product=camisa-puma-587029-14"},"modified":"2026-01-27T17:28:50","modified_gmt":"2026-01-27T17:28:50","slug":"camisa-puma-587029-14","status":"publish","type":"product","link":"https:\/\/www.deporteseli.com\/?product=camisa-puma-587029-14","title":{"rendered":"CAMISA PUMA 587029-14"},"content":{"rendered":"<p>Camiseta PUMA de corte cl\u00e1sico, logo puma  en el pecho . Fabricada de un algod\u00f3n suave, es ideal para el d\u00eda a d\u00eda, d\u00e1ndote un toque sport a tu look.     100% Algod\u00f3n    C\u00f3digo Producto: 587029-14                                                                                                                                                                                                                                                                                                                                                                                                                                                                                                                                                                                                                                                                                                                                                                                                                                                                                                                                                                                                                                        <\/p>\n","protected":false},"excerpt":{"rendered":"<p>CAMISA PUMA 587029-14<\/p>\n","protected":false},"featured_media":51564,"template":"","meta":[],"product_brand":[],"product_cat":[376],"product_tag":[],"class_list":{"0":"post-36979","1":"product","2":"type-product","3":"status-publish","4":"has-post-thumbnail","6":"product_cat-ninas_textil_camisetas","7":"pa_color-unico","8":"pa_talla-t-14","9":"pa_talla-t-16","10":"pa_talla-t-6","11":"thunk-woo-product-list","12":"opn-qv-enable","13":"open-woo-hover-","14":"open-single-product-tab-horizontal","15":"open-shadow-","16":"open-shadow-hover-","18":"first","19":"instock","20":"shipping-taxable","21":"purchasable","22":"product-type-variable"},"jetpack_sharing_enabled":true,"_links":{"self":[{"href":"https:\/\/www.deporteseli.com\/index.php?rest_route=\/wp\/v2\/product\/36979","targetHints":{"allow":["GET"]}}],"collection":[{"href":"https:\/\/www.deporteseli.com\/index.php?rest_route=\/wp\/v2\/product"}],"about":[{"href":"https:\/\/www.deporteseli.com\/index.php?rest_route=\/wp\/v2\/types\/product"}],"wp:featuredmedia":[{"embeddable":true,"href":"https:\/\/www.deporteseli.com\/index.php?rest_route=\/wp\/v2\/media\/51564"}],"wp:attachment":[{"href":"https:\/\/www.deporteseli.com\/index.php?rest_route=%2Fwp%2Fv2%2Fmedia&parent=36979"}],"wp:term":[{"taxonomy":"product_brand","embeddable":true,"href":"https:\/\/www.deporteseli.com\/index.php?rest_route=%2Fwp%2Fv2%2Fproduct_brand&post=36979"},{"taxonomy":"product_cat","embeddable":true,"href":"https:\/\/www.deporteseli.com\/index.php?rest_route=%2Fwp%2Fv2%2Fproduct_cat&post=36979"},{"taxonomy":"product_tag","embeddable":true,"href":"https:\/\/www.deporteseli.com\/index.php?rest_route=%2Fwp%2Fv2%2Fproduct_tag&post=36979"}],"curies":[{"name":"wp","href":"https:\/\/api.w.org\/{rel}","templated":true}]}}