{"id":36880,"date":"2026-01-27T17:25:13","date_gmt":"2026-01-27T17:25:13","guid":{"rendered":"https:\/\/www.deporteseli.com\/?product=pantalones-cortos-fila-riley-7in-blanco"},"modified":"2026-01-27T17:25:15","modified_gmt":"2026-01-27T17:25:15","slug":"pantalones-cortos-fila-riley-7in-blanco","status":"publish","type":"product","link":"https:\/\/www.deporteseli.com\/?product=pantalones-cortos-fila-riley-7in-blanco","title":{"rendered":"PANTALONES CORTOS FILA RILEY 7IN BLANCO"},"content":{"rendered":"<p>Fila Riley 7  son los shorts de tenis para hombre que te permitir\u00e1n jugar sin restricciones y moverte con rapidez, gracias al tejido ligero y suave .  Detalles:    Cintura el\u00e1stica con cord\u00f3n interno ajustable  Dos bolsillos laterales sin cremallera  Forro interior de malla  Longitud interna de la pierna: 17 cm  Logotipo de Fila en silicona.  Corte normal  Tejido: 100 % poli\u00e9ster reciclado                                                                                                                                                                                                                                                                                                                                                                                                                                                                                                                                                                                                                                                                                                                                                                                                                                                                                                                                                                                                                                        <\/p>\n","protected":false},"excerpt":{"rendered":"<p>PANTALONES CORTOS FILA RILEY 7IN BLANCO<\/p>\n","protected":false},"featured_media":51499,"template":"","meta":[],"product_brand":[],"product_cat":[365],"product_tag":[46],"class_list":{"0":"post-36880","1":"product","2":"type-product","3":"status-publish","4":"has-post-thumbnail","6":"product_cat-padel_y_tenis_textil_shorts","7":"product_tag-fila","8":"pa_color-unico","9":"pa_talla-l","10":"pa_talla-s","11":"thunk-woo-product-list","12":"opn-qv-enable","13":"open-woo-hover-","14":"open-single-product-tab-horizontal","15":"open-shadow-","16":"open-shadow-hover-","18":"first","19":"instock","20":"shipping-taxable","21":"purchasable","22":"product-type-variable"},"jetpack_sharing_enabled":true,"_links":{"self":[{"href":"https:\/\/www.deporteseli.com\/index.php?rest_route=\/wp\/v2\/product\/36880","targetHints":{"allow":["GET"]}}],"collection":[{"href":"https:\/\/www.deporteseli.com\/index.php?rest_route=\/wp\/v2\/product"}],"about":[{"href":"https:\/\/www.deporteseli.com\/index.php?rest_route=\/wp\/v2\/types\/product"}],"wp:featuredmedia":[{"embeddable":true,"href":"https:\/\/www.deporteseli.com\/index.php?rest_route=\/wp\/v2\/media\/51499"}],"wp:attachment":[{"href":"https:\/\/www.deporteseli.com\/index.php?rest_route=%2Fwp%2Fv2%2Fmedia&parent=36880"}],"wp:term":[{"taxonomy":"product_brand","embeddable":true,"href":"https:\/\/www.deporteseli.com\/index.php?rest_route=%2Fwp%2Fv2%2Fproduct_brand&post=36880"},{"taxonomy":"product_cat","embeddable":true,"href":"https:\/\/www.deporteseli.com\/index.php?rest_route=%2Fwp%2Fv2%2Fproduct_cat&post=36880"},{"taxonomy":"product_tag","embeddable":true,"href":"https:\/\/www.deporteseli.com\/index.php?rest_route=%2Fwp%2Fv2%2Fproduct_tag&post=36880"}],"curies":[{"name":"wp","href":"https:\/\/api.w.org\/{rel}","templated":true}]}}