{"id":36796,"date":"2026-01-27T17:21:52","date_gmt":"2026-01-27T17:21:52","guid":{"rendered":"https:\/\/www.deporteseli.com\/?product=camiseta-running-adidas-w-sl-t"},"modified":"2026-01-27T17:21:56","modified_gmt":"2026-01-27T17:21:56","slug":"camiseta-running-adidas-w-sl-t","status":"publish","type":"product","link":"https:\/\/www.deporteseli.com\/?product=camiseta-running-adidas-w-sl-t","title":{"rendered":"CAMISETA RUNNING ADIDAS W SL T"},"content":{"rendered":"<p>SPORT T-SHIRT  PARA ESTILOS DE VIDA ACTIVOS  Esta camiseta de training adidas luce un dise\u00f1o sencillo que puedes usar para sudar sobre la el\u00edptica o para ir al supermercado. El dobladillo trasero m\u00e1s largo te ofrece mayor cobertura en las series de sentadillas o cuando est\u00e1s metiendo y sacando bolsas del coche. Se ha confeccionado en tejido transpirable AEROREADY que mantiene la piel seca.    Este producto se ha fabricado con Primegreen, una combinaci\u00f3n de materiales reciclados de alto rendimiento. Tambi\u00e9n se ha confeccionado con material reciclado como parte de nuestro compromiso por acabar con los residuos pl\u00e1sticos.    DETALLES  Dobladillo trasero m\u00e1s largo  Corte cl\u00e1sico  Cuello redondo  Tejido que mantiene la piel seca  Manga corta  Dise\u00f1o transpirable  Piqu\u00e9 100% poli\u00e9ster reciclado                                                                                                                                                                                                                                                                                                                                                                                                                                                                                                                                                                                                                                                                                                                                                                                                                                                                                                                                                                                                                                        <\/p>\n","protected":false},"excerpt":{"rendered":"<p>CAMISETA RUNNING ADIDAS W SL T<\/p>\n","protected":false},"featured_media":51432,"template":"","meta":[],"product_brand":[],"product_cat":[269],"product_tag":[18],"class_list":{"0":"post-36796","1":"product","2":"type-product","3":"status-publish","4":"has-post-thumbnail","6":"product_cat-mujer_textil_camisetas","7":"product_tag-adidas","8":"pa_color-unico","9":"pa_talla-153","10":"pa_talla-s","11":"thunk-woo-product-list","12":"opn-qv-enable","13":"open-woo-hover-","14":"open-single-product-tab-horizontal","15":"open-shadow-","16":"open-shadow-hover-","18":"first","19":"instock","20":"shipping-taxable","21":"purchasable","22":"product-type-variable"},"jetpack_sharing_enabled":true,"_links":{"self":[{"href":"https:\/\/www.deporteseli.com\/index.php?rest_route=\/wp\/v2\/product\/36796","targetHints":{"allow":["GET"]}}],"collection":[{"href":"https:\/\/www.deporteseli.com\/index.php?rest_route=\/wp\/v2\/product"}],"about":[{"href":"https:\/\/www.deporteseli.com\/index.php?rest_route=\/wp\/v2\/types\/product"}],"wp:featuredmedia":[{"embeddable":true,"href":"https:\/\/www.deporteseli.com\/index.php?rest_route=\/wp\/v2\/media\/51432"}],"wp:attachment":[{"href":"https:\/\/www.deporteseli.com\/index.php?rest_route=%2Fwp%2Fv2%2Fmedia&parent=36796"}],"wp:term":[{"taxonomy":"product_brand","embeddable":true,"href":"https:\/\/www.deporteseli.com\/index.php?rest_route=%2Fwp%2Fv2%2Fproduct_brand&post=36796"},{"taxonomy":"product_cat","embeddable":true,"href":"https:\/\/www.deporteseli.com\/index.php?rest_route=%2Fwp%2Fv2%2Fproduct_cat&post=36796"},{"taxonomy":"product_tag","embeddable":true,"href":"https:\/\/www.deporteseli.com\/index.php?rest_route=%2Fwp%2Fv2%2Fproduct_tag&post=36796"}],"curies":[{"name":"wp","href":"https:\/\/api.w.org\/{rel}","templated":true}]}}