{"id":36755,"date":"2026-01-27T17:20:21","date_gmt":"2026-01-27T17:20:21","guid":{"rendered":"https:\/\/www.deporteseli.com\/?product=camisa-ellesse-rosca-tie-dye-cross"},"modified":"2026-01-27T17:20:26","modified_gmt":"2026-01-27T17:20:26","slug":"camisa-ellesse-rosca-tie-dye-cross","status":"publish","type":"product","link":"https:\/\/www.deporteseli.com\/?product=camisa-ellesse-rosca-tie-dye-cross","title":{"rendered":"CAMISA ELLESSE ROSCA TIE DYE CROSS"},"content":{"rendered":"<p>La ri\u00f1onera Rosca. Lleva tus b\u00e1sicos con estilo esta temporada con la ri\u00f1onera Rosca de ellesse. Esta ri\u00f1onera de tama\u00f1o est\u00e1ndar tiene 2 compartimentos principales con cierre de cremallera, junto con una correa de cintura ajustable y un panel trasero acolchado para un ajuste optimizado. Confeccionado con materiales de la m\u00e1s alta calidad, el bolso se completa con el estampado puff de Ellesse y un elegante acabado te\u00f1ido anudado.                                                                                                                                                                                                                                                                                                                                                                                                                                                                                                                                                                                                                                                                                                                                                                                                                                                                                                                                                                                                                                        <\/p>\n","protected":false},"excerpt":{"rendered":"<p>CAMISA ELLESSE ROSCA TIE DYE CROSS<\/p>\n","protected":false},"featured_media":51380,"template":"","meta":[],"product_brand":[],"product_cat":[410],"product_tag":[52],"class_list":{"0":"post-36755","1":"product","2":"type-product","3":"status-publish","4":"has-post-thumbnail","6":"product_cat-accesorios_rinoneras","7":"product_tag-ellesse","8":"pa_color-unico","9":"pa_talla-unica","10":"thunk-woo-product-list","11":"opn-qv-enable","12":"open-woo-hover-","13":"open-single-product-tab-horizontal","14":"open-shadow-","15":"open-shadow-hover-","17":"first","18":"instock","19":"shipping-taxable","20":"purchasable","21":"product-type-variable"},"jetpack_sharing_enabled":true,"_links":{"self":[{"href":"https:\/\/www.deporteseli.com\/index.php?rest_route=\/wp\/v2\/product\/36755","targetHints":{"allow":["GET"]}}],"collection":[{"href":"https:\/\/www.deporteseli.com\/index.php?rest_route=\/wp\/v2\/product"}],"about":[{"href":"https:\/\/www.deporteseli.com\/index.php?rest_route=\/wp\/v2\/types\/product"}],"wp:featuredmedia":[{"embeddable":true,"href":"https:\/\/www.deporteseli.com\/index.php?rest_route=\/wp\/v2\/media\/51380"}],"wp:attachment":[{"href":"https:\/\/www.deporteseli.com\/index.php?rest_route=%2Fwp%2Fv2%2Fmedia&parent=36755"}],"wp:term":[{"taxonomy":"product_brand","embeddable":true,"href":"https:\/\/www.deporteseli.com\/index.php?rest_route=%2Fwp%2Fv2%2Fproduct_brand&post=36755"},{"taxonomy":"product_cat","embeddable":true,"href":"https:\/\/www.deporteseli.com\/index.php?rest_route=%2Fwp%2Fv2%2Fproduct_cat&post=36755"},{"taxonomy":"product_tag","embeddable":true,"href":"https:\/\/www.deporteseli.com\/index.php?rest_route=%2Fwp%2Fv2%2Fproduct_tag&post=36755"}],"curies":[{"name":"wp","href":"https:\/\/api.w.org\/{rel}","templated":true}]}}