{"id":36661,"date":"2026-01-27T17:18:25","date_gmt":"2026-01-27T17:18:25","guid":{"rendered":"https:\/\/www.deporteseli.com\/?product=polera-adidas-essentials"},"modified":"2026-01-27T17:18:30","modified_gmt":"2026-01-27T17:18:30","slug":"polera-adidas-essentials","status":"publish","type":"product","link":"https:\/\/www.deporteseli.com\/?product=polera-adidas-essentials","title":{"rendered":"POLERA ADIDAS ESSENTIALS"},"content":{"rendered":"<p>POLERA ADIDAS ESSENTIALS  G Bl T es un nuevo producto para Ni\u00f1os de adidas. Te invitamos a ver las im\u00e1genes para apreciar m\u00e1s detalles desde diferentes \u00e1ngulos. Si ya conoces G Bl T puedes dejar una rese\u00f1a abajo  siempre nos encanta conocer tu opini\u00f3n.    A\u00fan estamos trabajando para tener m\u00e1s informaci\u00f3n de G Bl T, as\u00ed que vuelva pronto. Mientras tanto, toma nota del n\u00famero de art\u00edculo que identifica el producto HE1979 para que lo puedas encontrar de nuevo f\u00e1cilmente. Est\u00e1 categorizado como: Poleras                                                                                                                                                                                                                                                                                                                                                                                                                                                                                                                                                                                                                                                                                                                                                                                                                                                                                                                                                                                                                                        <\/p>\n","protected":false},"excerpt":{"rendered":"<p>POLERA ADIDAS ESSENTIALS<\/p>\n","protected":false},"featured_media":51301,"template":"","meta":[],"product_brand":[],"product_cat":[376],"product_tag":[18],"class_list":{"0":"post-36661","1":"product","2":"type-product","3":"status-publish","4":"has-post-thumbnail","6":"product_cat-ninas_textil_camisetas","7":"product_tag-adidas","8":"pa_color-unico","9":"pa_talla-t-10","10":"pa_talla-t-12","11":"pa_talla-t-14","12":"pa_talla-t-8","13":"thunk-woo-product-list","14":"opn-qv-enable","15":"open-woo-hover-","16":"open-single-product-tab-horizontal","17":"open-shadow-","18":"open-shadow-hover-","20":"first","21":"instock","22":"shipping-taxable","23":"purchasable","24":"product-type-variable"},"jetpack_sharing_enabled":true,"_links":{"self":[{"href":"https:\/\/www.deporteseli.com\/index.php?rest_route=\/wp\/v2\/product\/36661","targetHints":{"allow":["GET"]}}],"collection":[{"href":"https:\/\/www.deporteseli.com\/index.php?rest_route=\/wp\/v2\/product"}],"about":[{"href":"https:\/\/www.deporteseli.com\/index.php?rest_route=\/wp\/v2\/types\/product"}],"wp:featuredmedia":[{"embeddable":true,"href":"https:\/\/www.deporteseli.com\/index.php?rest_route=\/wp\/v2\/media\/51301"}],"wp:attachment":[{"href":"https:\/\/www.deporteseli.com\/index.php?rest_route=%2Fwp%2Fv2%2Fmedia&parent=36661"}],"wp:term":[{"taxonomy":"product_brand","embeddable":true,"href":"https:\/\/www.deporteseli.com\/index.php?rest_route=%2Fwp%2Fv2%2Fproduct_brand&post=36661"},{"taxonomy":"product_cat","embeddable":true,"href":"https:\/\/www.deporteseli.com\/index.php?rest_route=%2Fwp%2Fv2%2Fproduct_cat&post=36661"},{"taxonomy":"product_tag","embeddable":true,"href":"https:\/\/www.deporteseli.com\/index.php?rest_route=%2Fwp%2Fv2%2Fproduct_tag&post=36661"}],"curies":[{"name":"wp","href":"https:\/\/api.w.org\/{rel}","templated":true}]}}