{"id":36647,"date":"2026-01-27T17:17:58","date_gmt":"2026-01-27T17:17:58","guid":{"rendered":"https:\/\/www.deporteseli.com\/?product=royal-complete-cln-2"},"modified":"2026-04-08T04:17:18","modified_gmt":"2026-04-08T04:17:18","slug":"royal-complete-cln-2","status":"publish","type":"product","link":"https:\/\/www.deporteseli.com\/?product=royal-complete-cln-2","title":{"rendered":"ROYAL COMPLETE CLN 2"},"content":{"rendered":"<p>ROYAL COMPLETE CLN 2  UNA ZAPATILLA REEBOK CL\u00c1SICA CON UN LOGO VECTOR COLORIDO.  Peque\u00f1os pies, grandes aventuras. Esta zapatilla para ni\u00f1os peque\u00f1os viene con un cierre de velcro para que se divierta jugando sin perder el ritmo. El logo Vector de color en contraste aporta un toque cl\u00e1sico Reebok a su look juguet\u00f3n.  DETALLES  Parte superior de material sint\u00e9tico.  Correas de velcro.  Forro de tela.  Suela de caucho.  Color del art\u00edculo: Pure Grey 2 \/ Core Black \/ Vector Red  N\u00famero de art\u00edculo: GW5186                                                                                                                                                                                                                                                                                                                                                                                                                                                                                                                                                                                                                                                                                                                                                                                                                                                                                                                                                                                                                                        <\/p>\n","protected":false},"excerpt":{"rendered":"<p>ROYAL COMPLETE CLN 2<\/p>\n","protected":false},"featured_media":51279,"template":"","meta":[],"product_brand":[],"product_cat":[237],"product_tag":[41],"class_list":{"0":"post-36647","1":"product","2":"type-product","3":"status-publish","4":"has-post-thumbnail","6":"product_cat-outlet_calzado","7":"product_tag-reebok","8":"pa_color-unico","9":"pa_talla-113","10":"pa_talla-23-5","11":"pa_talla-t-19","12":"pa_talla-t-20","13":"pa_talla-t-21","14":"thunk-woo-product-list","15":"opn-qv-enable","16":"open-woo-hover-","17":"open-single-product-tab-horizontal","18":"open-shadow-","19":"open-shadow-hover-","21":"first","22":"instock","23":"shipping-taxable","24":"purchasable","25":"product-type-variable"},"jetpack_sharing_enabled":true,"_links":{"self":[{"href":"https:\/\/www.deporteseli.com\/index.php?rest_route=\/wp\/v2\/product\/36647","targetHints":{"allow":["GET"]}}],"collection":[{"href":"https:\/\/www.deporteseli.com\/index.php?rest_route=\/wp\/v2\/product"}],"about":[{"href":"https:\/\/www.deporteseli.com\/index.php?rest_route=\/wp\/v2\/types\/product"}],"wp:featuredmedia":[{"embeddable":true,"href":"https:\/\/www.deporteseli.com\/index.php?rest_route=\/wp\/v2\/media\/51279"}],"wp:attachment":[{"href":"https:\/\/www.deporteseli.com\/index.php?rest_route=%2Fwp%2Fv2%2Fmedia&parent=36647"}],"wp:term":[{"taxonomy":"product_brand","embeddable":true,"href":"https:\/\/www.deporteseli.com\/index.php?rest_route=%2Fwp%2Fv2%2Fproduct_brand&post=36647"},{"taxonomy":"product_cat","embeddable":true,"href":"https:\/\/www.deporteseli.com\/index.php?rest_route=%2Fwp%2Fv2%2Fproduct_cat&post=36647"},{"taxonomy":"product_tag","embeddable":true,"href":"https:\/\/www.deporteseli.com\/index.php?rest_route=%2Fwp%2Fv2%2Fproduct_tag&post=36647"}],"curies":[{"name":"wp","href":"https:\/\/api.w.org\/{rel}","templated":true}]}}