{"id":36635,"date":"2026-01-27T17:17:40","date_gmt":"2026-01-27T17:17:40","guid":{"rendered":"https:\/\/www.deporteseli.com\/?product=gel-padel-pro-5"},"modified":"2026-01-27T17:17:42","modified_gmt":"2026-01-27T17:17:42","slug":"gel-padel-pro-5","status":"publish","type":"product","link":"https:\/\/www.deporteseli.com\/?product=gel-padel-pro-5","title":{"rendered":"GEL-PADEL PRO 5"},"content":{"rendered":"<p>Asics Gel Padel Pro 5    Capas de piel sint\u00e9tica y paneles de malla, que adem\u00e1s aportan una mayor transpirabilidad. La tecnolog\u00eda TRUSSTIC\u2122 SYSTEM en la entresuela proporciona una gran estabilidad en la cancha durante las transiciones r\u00e1pidas.    Esta zapatilla de remo absorbe los impactos gracias a la amortiguaci\u00f3n GEL. El GEL-PADEL\u2122 PRO 5 ayuda a los jugadores a mejorar su juego gracias a un mejor soporte, flexibilidad y comodidad.    &#8211; Parte superior de cuero sint\u00e9tico y malla.    &#8211; Tecnolog\u00eda TRUSSTIC SYSTEM\u2122 que mejora la estabilidad.    &#8211; Amortiguaci\u00f3n con tecnolog\u00eda GEL\u2122 en el antepi\u00e9 que mejora la absorci\u00f3n de impactos.                                                                                                                                                                                                                                                                                                                                                                                                                                                                                                                                                                                                                                                                                                                                                                                                                                                                                                                                                                                                                                        <\/p>\n","protected":false},"excerpt":{"rendered":"<p>GEL-PADEL PRO 5<\/p>\n","protected":false},"featured_media":51243,"template":"","meta":[],"product_brand":[],"product_cat":[371],"product_tag":[19],"class_list":{"0":"post-36635","1":"product","2":"type-product","3":"status-publish","4":"has-post-thumbnail","6":"product_cat-padel_y_tenis_calzado","7":"product_tag-asics","8":"pa_color-unico","9":"pa_talla-141","10":"thunk-woo-product-list","11":"opn-qv-enable","12":"open-woo-hover-","13":"open-single-product-tab-horizontal","14":"open-shadow-","15":"open-shadow-hover-","17":"first","18":"instock","19":"sale","20":"shipping-taxable","21":"purchasable","22":"product-type-variable"},"jetpack_sharing_enabled":true,"_links":{"self":[{"href":"https:\/\/www.deporteseli.com\/index.php?rest_route=\/wp\/v2\/product\/36635","targetHints":{"allow":["GET"]}}],"collection":[{"href":"https:\/\/www.deporteseli.com\/index.php?rest_route=\/wp\/v2\/product"}],"about":[{"href":"https:\/\/www.deporteseli.com\/index.php?rest_route=\/wp\/v2\/types\/product"}],"wp:featuredmedia":[{"embeddable":true,"href":"https:\/\/www.deporteseli.com\/index.php?rest_route=\/wp\/v2\/media\/51243"}],"wp:attachment":[{"href":"https:\/\/www.deporteseli.com\/index.php?rest_route=%2Fwp%2Fv2%2Fmedia&parent=36635"}],"wp:term":[{"taxonomy":"product_brand","embeddable":true,"href":"https:\/\/www.deporteseli.com\/index.php?rest_route=%2Fwp%2Fv2%2Fproduct_brand&post=36635"},{"taxonomy":"product_cat","embeddable":true,"href":"https:\/\/www.deporteseli.com\/index.php?rest_route=%2Fwp%2Fv2%2Fproduct_cat&post=36635"},{"taxonomy":"product_tag","embeddable":true,"href":"https:\/\/www.deporteseli.com\/index.php?rest_route=%2Fwp%2Fv2%2Fproduct_tag&post=36635"}],"curies":[{"name":"wp","href":"https:\/\/api.w.org\/{rel}","templated":true}]}}