{"id":36480,"date":"2026-01-27T17:13:37","date_gmt":"2026-01-27T17:13:37","guid":{"rendered":"https:\/\/www.deporteseli.com\/?product=fila-flash-gordon-7af13031-202"},"modified":"2026-02-12T19:15:18","modified_gmt":"2026-02-12T19:15:18","slug":"fila-flash-gordon-7af13031-202","status":"publish","type":"product","link":"https:\/\/www.deporteseli.com\/?product=fila-flash-gordon-7af13031-202","title":{"rendered":"FILA FLASH GORDON 7AF13031-202"},"content":{"rendered":"<p>Zapatillas deportivas FILA para beb\u00e9 con tira adhesiva y cordones el\u00e1sticos de tejido transpirable en la parte superior e interior de suela muy suave con viscoel\u00e1stica. La suela de EVA ofrece comodidad en cada paso.    Tejido transpirable en la parte superior.  Adecuado para correr.  Plantilla de EVA para absorci\u00f3n de impactos.  C\u00f3moda plantilla de Memory Foam.                                                                                                                                                                                                                                                                                                                                                                                                                                                                                                                                                                                                                                                                                                                                                                                                                                                                                                                                                                                                                                        <\/p>\n","protected":false},"excerpt":{"rendered":"<p>FILA FLASH GORDON 7AF13031-202<\/p>\n","protected":false},"featured_media":51092,"template":"","meta":[],"product_brand":[],"product_cat":[237],"product_tag":[46],"class_list":{"0":"post-36480","1":"product","2":"type-product","3":"status-publish","4":"has-post-thumbnail","6":"product_cat-outlet_calzado","7":"product_tag-fila","8":"pa_color-unico","9":"pa_talla-113","10":"pa_talla-117","11":"thunk-woo-product-list","12":"opn-qv-enable","13":"open-woo-hover-","14":"open-single-product-tab-horizontal","15":"open-shadow-","16":"open-shadow-hover-","18":"first","19":"instock","20":"shipping-taxable","21":"purchasable","22":"product-type-variable"},"jetpack_sharing_enabled":true,"_links":{"self":[{"href":"https:\/\/www.deporteseli.com\/index.php?rest_route=\/wp\/v2\/product\/36480","targetHints":{"allow":["GET"]}}],"collection":[{"href":"https:\/\/www.deporteseli.com\/index.php?rest_route=\/wp\/v2\/product"}],"about":[{"href":"https:\/\/www.deporteseli.com\/index.php?rest_route=\/wp\/v2\/types\/product"}],"wp:featuredmedia":[{"embeddable":true,"href":"https:\/\/www.deporteseli.com\/index.php?rest_route=\/wp\/v2\/media\/51092"}],"wp:attachment":[{"href":"https:\/\/www.deporteseli.com\/index.php?rest_route=%2Fwp%2Fv2%2Fmedia&parent=36480"}],"wp:term":[{"taxonomy":"product_brand","embeddable":true,"href":"https:\/\/www.deporteseli.com\/index.php?rest_route=%2Fwp%2Fv2%2Fproduct_brand&post=36480"},{"taxonomy":"product_cat","embeddable":true,"href":"https:\/\/www.deporteseli.com\/index.php?rest_route=%2Fwp%2Fv2%2Fproduct_cat&post=36480"},{"taxonomy":"product_tag","embeddable":true,"href":"https:\/\/www.deporteseli.com\/index.php?rest_route=%2Fwp%2Fv2%2Fproduct_tag&post=36480"}],"curies":[{"name":"wp","href":"https:\/\/api.w.org\/{rel}","templated":true}]}}