{"id":36424,"date":"2026-01-27T17:12:22","date_gmt":"2026-01-27T17:12:22","guid":{"rendered":"https:\/\/www.deporteseli.com\/?product=legging-nina-line-negro"},"modified":"2026-01-27T17:12:28","modified_gmt":"2026-01-27T17:12:28","slug":"legging-nina-line-negro","status":"publish","type":"product","link":"https:\/\/www.deporteseli.com\/?product=legging-nina-line-negro","title":{"rendered":"LEGGING NI\u00f1A LINE NEGRO"},"content":{"rendered":"<p>Legging para ni\u00f1a de color negro confeccionado con un tejido el\u00e1stico y c\u00f3modo, que permite libertad de movimiento. Estas mallas son ideales para la pr\u00e1ctica de actividades deportivas.    Fabricaci\u00f3n: 65% Poli\u00e9ster y 35% Algod\u00f3n                                                                                                                                                                                                                                                                                                                                                                                                                                                                                                                                                                                                                                                                                                                                                                                                                                                                                                                                                                                                                                        <\/p>\n","protected":false},"excerpt":{"rendered":"<p>LEGGING NI\u00f1A LINE NEGRO<\/p>\n","protected":false},"featured_media":51049,"template":"","meta":[],"product_brand":[],"product_cat":[386],"product_tag":[],"class_list":{"0":"post-36424","1":"product","2":"type-product","3":"status-publish","4":"has-post-thumbnail","6":"product_cat-ninas_textil_mallas","7":"pa_color-unico","8":"pa_talla-t-10","9":"pa_talla-t-14","10":"pa_talla-t-16","11":"pa_talla-t-8","12":"thunk-woo-product-list","13":"opn-qv-enable","14":"open-woo-hover-","15":"open-single-product-tab-horizontal","16":"open-shadow-","17":"open-shadow-hover-","19":"first","20":"instock","21":"shipping-taxable","22":"purchasable","23":"product-type-variable"},"jetpack_sharing_enabled":true,"_links":{"self":[{"href":"https:\/\/www.deporteseli.com\/index.php?rest_route=\/wp\/v2\/product\/36424","targetHints":{"allow":["GET"]}}],"collection":[{"href":"https:\/\/www.deporteseli.com\/index.php?rest_route=\/wp\/v2\/product"}],"about":[{"href":"https:\/\/www.deporteseli.com\/index.php?rest_route=\/wp\/v2\/types\/product"}],"wp:featuredmedia":[{"embeddable":true,"href":"https:\/\/www.deporteseli.com\/index.php?rest_route=\/wp\/v2\/media\/51049"}],"wp:attachment":[{"href":"https:\/\/www.deporteseli.com\/index.php?rest_route=%2Fwp%2Fv2%2Fmedia&parent=36424"}],"wp:term":[{"taxonomy":"product_brand","embeddable":true,"href":"https:\/\/www.deporteseli.com\/index.php?rest_route=%2Fwp%2Fv2%2Fproduct_brand&post=36424"},{"taxonomy":"product_cat","embeddable":true,"href":"https:\/\/www.deporteseli.com\/index.php?rest_route=%2Fwp%2Fv2%2Fproduct_cat&post=36424"},{"taxonomy":"product_tag","embeddable":true,"href":"https:\/\/www.deporteseli.com\/index.php?rest_route=%2Fwp%2Fv2%2Fproduct_tag&post=36424"}],"curies":[{"name":"wp","href":"https:\/\/api.w.org\/{rel}","templated":true}]}}