{"id":36411,"date":"2026-01-27T17:12:07","date_gmt":"2026-01-27T17:12:07","guid":{"rendered":"https:\/\/www.deporteseli.com\/?product=sudadera-puma-ess-logo-hodddie-nina-flg"},"modified":"2026-01-27T17:12:10","modified_gmt":"2026-01-27T17:12:10","slug":"sudadera-puma-ess-logo-hodddie-nina-flg","status":"publish","type":"product","link":"https:\/\/www.deporteseli.com\/?product=sudadera-puma-ess-logo-hodddie-nina-flg","title":{"rendered":"SUDADERA PUMA ESS LOGO HODDDIE NI\u00f1A FLG"},"content":{"rendered":"<p>Descripci\u00f3n del producto  Esta sudadera con capucha es tan buena para el planeta como para tu guardarropa. Hecho con fibras recicladas y la innovadora soluci\u00f3n de ahorro de agua de PUMA, Bye Dye, puedes pavonearte por las calles con estilo y con una conciencia ecol\u00f3gica clara. BCI: Al comprar productos de algod\u00f3n de PUMA, est\u00e1 apoyando un cultivo de algod\u00f3n m\u00e1s sostenible a trav\u00e9s de Better Cotton Initiative. Obtenga m\u00e1s informaci\u00f3n en bettercotton.org\/massbalance. Contiene Material Reciclado: Fabricado con fibras recicladas. Una de las respuestas de PUMA para reducir su impacto ambiental. Ajuste regular. Bolsillo canguro. Capucha con forro de jersey. Pu\u00f1os y cinturilla acanalados. Logotipo de PUMA No. 1 estampado de goma en el centro del pecho. Etiqueta con el logo de PUMA No. 1 en el lado izquierdo. Algod\u00f3n y poli\u00e9ster reciclado. Material principal 1: 66% algod\u00f3n BCI, 34% poli\u00e9ster Reciclado &#8211; vell\u00f3n &#8211; 280,00 g \/ m\u00b2 &#8211; pieza te\u00f1ida &#8211; Mec\u00e1nico \u2013 Cepillado.                                                                                                                                                                                                                                                                                                                                                                                                                                                                                                                                                                                                                                                                                                                                                                                                                                                                                                                                                                                                                                        <\/p>\n","protected":false},"excerpt":{"rendered":"<p>SUDADERA PUMA ESS LOGO HODDDIE NI\u00f1A FLG<\/p>\n","protected":false},"featured_media":51041,"template":"","meta":[],"product_brand":[],"product_cat":[384],"product_tag":[32],"class_list":{"0":"post-36411","1":"product","2":"type-product","3":"status-publish","4":"has-post-thumbnail","6":"product_cat-ninas_textil_sudaderas","7":"product_tag-puma","8":"pa_color-unico","9":"pa_talla-t-12","10":"pa_talla-t-14","11":"thunk-woo-product-list","12":"opn-qv-enable","13":"open-woo-hover-","14":"open-single-product-tab-horizontal","15":"open-shadow-","16":"open-shadow-hover-","18":"first","19":"instock","20":"shipping-taxable","21":"purchasable","22":"product-type-variable"},"jetpack_sharing_enabled":true,"_links":{"self":[{"href":"https:\/\/www.deporteseli.com\/index.php?rest_route=\/wp\/v2\/product\/36411","targetHints":{"allow":["GET"]}}],"collection":[{"href":"https:\/\/www.deporteseli.com\/index.php?rest_route=\/wp\/v2\/product"}],"about":[{"href":"https:\/\/www.deporteseli.com\/index.php?rest_route=\/wp\/v2\/types\/product"}],"wp:featuredmedia":[{"embeddable":true,"href":"https:\/\/www.deporteseli.com\/index.php?rest_route=\/wp\/v2\/media\/51041"}],"wp:attachment":[{"href":"https:\/\/www.deporteseli.com\/index.php?rest_route=%2Fwp%2Fv2%2Fmedia&parent=36411"}],"wp:term":[{"taxonomy":"product_brand","embeddable":true,"href":"https:\/\/www.deporteseli.com\/index.php?rest_route=%2Fwp%2Fv2%2Fproduct_brand&post=36411"},{"taxonomy":"product_cat","embeddable":true,"href":"https:\/\/www.deporteseli.com\/index.php?rest_route=%2Fwp%2Fv2%2Fproduct_cat&post=36411"},{"taxonomy":"product_tag","embeddable":true,"href":"https:\/\/www.deporteseli.com\/index.php?rest_route=%2Fwp%2Fv2%2Fproduct_tag&post=36411"}],"curies":[{"name":"wp","href":"https:\/\/api.w.org\/{rel}","templated":true}]}}