{"id":36366,"date":"2026-01-27T17:11:04","date_gmt":"2026-01-27T17:11:04","guid":{"rendered":"https:\/\/www.deporteseli.com\/?product=nike-hyperfuel-botella-709ml-2"},"modified":"2026-01-27T17:11:06","modified_gmt":"2026-01-27T17:11:06","slug":"nike-hyperfuel-botella-709ml-2","status":"publish","type":"product","link":"https:\/\/www.deporteseli.com\/?product=nike-hyperfuel-botella-709ml-2","title":{"rendered":"NIKE HYPERFUEL BOTELLA 709ML"},"content":{"rendered":"<p>Descripci\u00f3n de Nike Hyperfuel Botella 709ml &#8211; black\/black\/black\/iridescent 014  Elegante Botella de Hipercombustible Nike con \u00e1rea engomada para un mejor agarre, incluso con las manos mojadas. V\u00e1lvula antigoteo: s\u00f3lo hay que apretar la botella para beber. La v\u00e1lvula antigoteo libera la cantidad exacta de l\u00edquido y evita los derrames accidentales.    Nota: La botella de hipercombustible Nike no es compatible con los portabotellas.  Material: pl\u00e1stico                                                                                                                                                                                                                                                                                                                                                                                                                                                                                                                                                                                                                                                                                                                                                                                                                                                                                                                                                                                                                                        <\/p>\n","protected":false},"excerpt":{"rendered":"<p>NIKE HYPERFUEL BOTELLA 709ML<\/p>\n","protected":false},"featured_media":51012,"template":"","meta":[],"product_brand":[],"product_cat":[409],"product_tag":[37],"class_list":{"0":"post-36366","1":"product","2":"type-product","3":"status-publish","4":"has-post-thumbnail","6":"product_cat-accesorios_botellas","7":"product_tag-nike","8":"pa_color-unico","9":"pa_talla-unica","10":"thunk-woo-product-list","11":"opn-qv-enable","12":"open-woo-hover-","13":"open-single-product-tab-horizontal","14":"open-shadow-","15":"open-shadow-hover-","17":"first","18":"instock","19":"shipping-taxable","20":"purchasable","21":"product-type-variable"},"jetpack_sharing_enabled":true,"_links":{"self":[{"href":"https:\/\/www.deporteseli.com\/index.php?rest_route=\/wp\/v2\/product\/36366","targetHints":{"allow":["GET"]}}],"collection":[{"href":"https:\/\/www.deporteseli.com\/index.php?rest_route=\/wp\/v2\/product"}],"about":[{"href":"https:\/\/www.deporteseli.com\/index.php?rest_route=\/wp\/v2\/types\/product"}],"wp:featuredmedia":[{"embeddable":true,"href":"https:\/\/www.deporteseli.com\/index.php?rest_route=\/wp\/v2\/media\/51012"}],"wp:attachment":[{"href":"https:\/\/www.deporteseli.com\/index.php?rest_route=%2Fwp%2Fv2%2Fmedia&parent=36366"}],"wp:term":[{"taxonomy":"product_brand","embeddable":true,"href":"https:\/\/www.deporteseli.com\/index.php?rest_route=%2Fwp%2Fv2%2Fproduct_brand&post=36366"},{"taxonomy":"product_cat","embeddable":true,"href":"https:\/\/www.deporteseli.com\/index.php?rest_route=%2Fwp%2Fv2%2Fproduct_cat&post=36366"},{"taxonomy":"product_tag","embeddable":true,"href":"https:\/\/www.deporteseli.com\/index.php?rest_route=%2Fwp%2Fv2%2Fproduct_tag&post=36366"}],"curies":[{"name":"wp","href":"https:\/\/api.w.org\/{rel}","templated":true}]}}