{"id":36330,"date":"2026-01-27T17:10:04","date_gmt":"2026-01-27T17:10:04","guid":{"rendered":"https:\/\/www.deporteseli.com\/?product=pant-bull-luix-004-marino"},"modified":"2026-03-07T05:18:39","modified_gmt":"2026-03-07T05:18:39","slug":"pant-bull-luix-004-marino","status":"publish","type":"product","link":"https:\/\/www.deporteseli.com\/?product=pant-bull-luix-004-marino","title":{"rendered":"PANT BULL LUIX-004 MARINO"},"content":{"rendered":"<p> Pantal\u00f3n largo de poli\u00e9ster con pu\u00f1o en el bajo para un mayor ajuste. Incorpora bolsillos laterales con cremallera. Cinturilla el\u00e1stica con cord\u00f3n para ajustar. Est\u00e1 decorado con el gr\u00e1fico y el lema de Master Series.  Pantal\u00f3n t\u00e9cnico ideal para la pr\u00e1ctica de p\u00e1del, con un acabado interior perchado que proporciona confort y retenci\u00f3n t\u00e9rmica. Tejido flexible que hace que sea una prenda c\u00f3moda adapt\u00e1ndose a todos tus movimientos.    Tejido principal: 100% poli\u00e9ster  Acabado interior perchado.  Color: azul marino                                                                                                                                                                                                                                                                                                                                                                                                                                                                                                                                                                                                                                                                                                                                                                                                                                                                                                                                                                                                                                        <\/p>\n","protected":false},"excerpt":{"rendered":"<p>PANT BULL LUIX-004 MARINO<\/p>\n","protected":false},"featured_media":50984,"template":"","meta":[],"product_brand":[],"product_cat":[365],"product_tag":[21],"class_list":{"0":"post-36330","1":"product","2":"type-product","3":"status-publish","4":"has-post-thumbnail","6":"product_cat-padel_y_tenis_textil_shorts","7":"product_tag-bull_padel","8":"pa_color-unico","9":"pa_talla-l","10":"pa_talla-s","11":"thunk-woo-product-list","12":"opn-qv-enable","13":"open-woo-hover-","14":"open-single-product-tab-horizontal","15":"open-shadow-","16":"open-shadow-hover-","18":"first","19":"instock","20":"shipping-taxable","21":"purchasable","22":"product-type-variable"},"jetpack_sharing_enabled":true,"_links":{"self":[{"href":"https:\/\/www.deporteseli.com\/index.php?rest_route=\/wp\/v2\/product\/36330","targetHints":{"allow":["GET"]}}],"collection":[{"href":"https:\/\/www.deporteseli.com\/index.php?rest_route=\/wp\/v2\/product"}],"about":[{"href":"https:\/\/www.deporteseli.com\/index.php?rest_route=\/wp\/v2\/types\/product"}],"wp:featuredmedia":[{"embeddable":true,"href":"https:\/\/www.deporteseli.com\/index.php?rest_route=\/wp\/v2\/media\/50984"}],"wp:attachment":[{"href":"https:\/\/www.deporteseli.com\/index.php?rest_route=%2Fwp%2Fv2%2Fmedia&parent=36330"}],"wp:term":[{"taxonomy":"product_brand","embeddable":true,"href":"https:\/\/www.deporteseli.com\/index.php?rest_route=%2Fwp%2Fv2%2Fproduct_brand&post=36330"},{"taxonomy":"product_cat","embeddable":true,"href":"https:\/\/www.deporteseli.com\/index.php?rest_route=%2Fwp%2Fv2%2Fproduct_cat&post=36330"},{"taxonomy":"product_tag","embeddable":true,"href":"https:\/\/www.deporteseli.com\/index.php?rest_route=%2Fwp%2Fv2%2Fproduct_tag&post=36330"}],"curies":[{"name":"wp","href":"https:\/\/api.w.org\/{rel}","templated":true}]}}