{"id":36306,"date":"2026-01-27T17:09:34","date_gmt":"2026-01-27T17:09:34","guid":{"rendered":"https:\/\/www.deporteseli.com\/?product=camisa-head-814731"},"modified":"2026-01-27T17:09:38","modified_gmt":"2026-01-27T17:09:38","slug":"camisa-head-814731","status":"publish","type":"product","link":"https:\/\/www.deporteseli.com\/?product=camisa-head-814731","title":{"rendered":"CAMISA HEAD 814731"},"content":{"rendered":"<p>Las estrellas se combinan con el lema \u201cWe Are Padel\u201d de HEAD y el ic\u00f3nico Wishbone logo en un dise\u00f1o llamativo en la parte delantera de la WAP STAR T-SHIRT para mujer. El estilo y la comodidad moderna est\u00e1n asegurados en una camiseta con rib crewneck y una mezcla t\u00e9cnica de poli\u00e9ster y algod\u00f3n para aumentar las propiedades de absorci\u00f3n de la humedad.  ARTICLE NUMBER:  814731  TEJIDO PRINCIPAL:  Jersey sencillo 65 % poli\u00e9ster, 35 % algod\u00f3n  FORMA:  regular                                                                                                                                                                                                                                                                                                                                                                                                                                                                                                                                                                                                                                                                                                                                                                                                                                                                                                                                                                                                                                        <\/p>\n","protected":false},"excerpt":{"rendered":"<p>CAMISA HEAD 814731<\/p>\n","protected":false},"featured_media":50962,"template":"","meta":[],"product_brand":[],"product_cat":[364],"product_tag":[22],"class_list":{"0":"post-36306","1":"product","2":"type-product","3":"status-publish","4":"has-post-thumbnail","6":"product_cat-padel_y_tenis_textil_camisas","7":"product_tag-head","8":"pa_color-unico","9":"pa_talla-m","10":"pa_talla-s","11":"pa_talla-xl","12":"thunk-woo-product-list","13":"opn-qv-enable","14":"open-woo-hover-","15":"open-single-product-tab-horizontal","16":"open-shadow-","17":"open-shadow-hover-","19":"first","20":"instock","21":"sale","22":"shipping-taxable","23":"purchasable","24":"product-type-variable"},"jetpack_sharing_enabled":true,"_links":{"self":[{"href":"https:\/\/www.deporteseli.com\/index.php?rest_route=\/wp\/v2\/product\/36306","targetHints":{"allow":["GET"]}}],"collection":[{"href":"https:\/\/www.deporteseli.com\/index.php?rest_route=\/wp\/v2\/product"}],"about":[{"href":"https:\/\/www.deporteseli.com\/index.php?rest_route=\/wp\/v2\/types\/product"}],"wp:featuredmedia":[{"embeddable":true,"href":"https:\/\/www.deporteseli.com\/index.php?rest_route=\/wp\/v2\/media\/50962"}],"wp:attachment":[{"href":"https:\/\/www.deporteseli.com\/index.php?rest_route=%2Fwp%2Fv2%2Fmedia&parent=36306"}],"wp:term":[{"taxonomy":"product_brand","embeddable":true,"href":"https:\/\/www.deporteseli.com\/index.php?rest_route=%2Fwp%2Fv2%2Fproduct_brand&post=36306"},{"taxonomy":"product_cat","embeddable":true,"href":"https:\/\/www.deporteseli.com\/index.php?rest_route=%2Fwp%2Fv2%2Fproduct_cat&post=36306"},{"taxonomy":"product_tag","embeddable":true,"href":"https:\/\/www.deporteseli.com\/index.php?rest_route=%2Fwp%2Fv2%2Fproduct_tag&post=36306"}],"curies":[{"name":"wp","href":"https:\/\/api.w.org\/{rel}","templated":true}]}}