{"id":36295,"date":"2026-01-27T17:09:20","date_gmt":"2026-01-27T17:09:20","guid":{"rendered":"https:\/\/www.deporteseli.com\/?product=adidas-w-3s-tr-ts"},"modified":"2026-01-27T17:09:22","modified_gmt":"2026-01-27T17:09:22","slug":"adidas-w-3s-tr-ts","status":"publish","type":"product","link":"https:\/\/www.deporteseli.com\/?product=adidas-w-3s-tr-ts","title":{"rendered":"ADIDAS W 3S TR TS"},"content":{"rendered":"<p>Ch\u00e1ndal de mujer Adidas, modelo Essentials 3-Stripes.    Corte regular en la chaqueta, corte entallado en los pantalones.  Chaqueta: cremallera completa y cuello acanalado.  Tejido: 100% poli\u00e9ster.  Chaqueta: bolsillo lateral con cremallera.  Pantalones: cintura el\u00e1stica con cord\u00f3n.  Pantalones: bolsillos laterales.  Color: azul \/ blanco.                                                                                                                                                                                                                                                                                                                                                                                                                                                                                                                                                                                                                                                                                                                                                                                                                                                                                                                                                                                                                                        <\/p>\n","protected":false},"excerpt":{"rendered":"<p>ADIDAS W 3S TR TS<\/p>\n","protected":false},"featured_media":50949,"template":"","meta":[],"product_brand":[],"product_cat":[273],"product_tag":[18],"class_list":{"0":"post-36295","1":"product","2":"type-product","3":"status-publish","4":"has-post-thumbnail","6":"product_cat-mujer_textil_chandals","7":"product_tag-adidas","8":"pa_color-unico","9":"pa_talla-l","10":"thunk-woo-product-list","11":"opn-qv-enable","12":"open-woo-hover-","13":"open-single-product-tab-horizontal","14":"open-shadow-","15":"open-shadow-hover-","17":"first","18":"instock","19":"shipping-taxable","20":"purchasable","21":"product-type-variable"},"jetpack_sharing_enabled":true,"_links":{"self":[{"href":"https:\/\/www.deporteseli.com\/index.php?rest_route=\/wp\/v2\/product\/36295","targetHints":{"allow":["GET"]}}],"collection":[{"href":"https:\/\/www.deporteseli.com\/index.php?rest_route=\/wp\/v2\/product"}],"about":[{"href":"https:\/\/www.deporteseli.com\/index.php?rest_route=\/wp\/v2\/types\/product"}],"wp:featuredmedia":[{"embeddable":true,"href":"https:\/\/www.deporteseli.com\/index.php?rest_route=\/wp\/v2\/media\/50949"}],"wp:attachment":[{"href":"https:\/\/www.deporteseli.com\/index.php?rest_route=%2Fwp%2Fv2%2Fmedia&parent=36295"}],"wp:term":[{"taxonomy":"product_brand","embeddable":true,"href":"https:\/\/www.deporteseli.com\/index.php?rest_route=%2Fwp%2Fv2%2Fproduct_brand&post=36295"},{"taxonomy":"product_cat","embeddable":true,"href":"https:\/\/www.deporteseli.com\/index.php?rest_route=%2Fwp%2Fv2%2Fproduct_cat&post=36295"},{"taxonomy":"product_tag","embeddable":true,"href":"https:\/\/www.deporteseli.com\/index.php?rest_route=%2Fwp%2Fv2%2Fproduct_tag&post=36295"}],"curies":[{"name":"wp","href":"https:\/\/api.w.org\/{rel}","templated":true}]}}